{"id":13956,"date":"2021-06-23T14:52:44","date_gmt":"2021-06-23T14:52:44","guid":{"rendered":"https:\/\/server.idssoft.net\/idsdemo\/producto\/lector-de-codigos-de-barras-cromad-k270-manual-automatico\/"},"modified":"2021-06-23T14:52:44","modified_gmt":"2021-06-23T14:52:44","slug":"lector-de-codigos-de-barras-cromad-k270-manual-automatico","status":"publish","type":"product","link":"https:\/\/server.idssoft.net\/idsdemo\/producto\/lector-de-codigos-de-barras-cromad-k270-manual-automatico\/","title":{"rendered":"LECTOR DE CODIGOS DE BARRAS CROMAD K270 | MANUAL, AUTOMATICO"},"content":{"rendered":"<p>El K270 de CROMAD es un lector de c\u00f3digos 1D\/2D USB con un dise\u00f1o ergon\u00f3mico y f\u00e1cil de manejar. Soporta todos los c\u00f3digos de barras comunes 1D y 2D, y es capaz de escanear c\u00f3digos en pantalla. No necesita drivers y es detectado por el PC autom?<\/p>\n","protected":false},"excerpt":{"rendered":"<p>El K270 de CROMAD es un lector de c\u00f3digos 1D\/2D USB con un dise\u00f1o ergon\u00f3mico y f\u00e1cil de manejar. Soporta todos los c\u00f3digos de barras comunes 1D y 2D, y es capaz de escanear c\u00f3digos en pantalla. No necesita drivers y es detectado por el PC autom?<\/p>\n","protected":false},"featured_media":13954,"comment_status":"open","ping_status":"closed","template":"","meta":[],"product_cat":[485],"product_tag":[],"class_list":["post-13956","product","type-product","status-publish","has-post-thumbnail","hentry","product_cat-tpv","thunk-woo-product-list","opn-qv-enable","top-store-woo-hover-","top-store-single-product-tab-horizontal","top-store-shadow-","top-store-shadow-hover-"],"_links":{"self":[{"href":"https:\/\/server.idssoft.net\/idsdemo\/wp-json\/wp\/v2\/product\/13956","targetHints":{"allow":["GET"]}}],"collection":[{"href":"https:\/\/server.idssoft.net\/idsdemo\/wp-json\/wp\/v2\/product"}],"about":[{"href":"https:\/\/server.idssoft.net\/idsdemo\/wp-json\/wp\/v2\/types\/product"}],"replies":[{"embeddable":true,"href":"https:\/\/server.idssoft.net\/idsdemo\/wp-json\/wp\/v2\/comments?post=13956"}],"wp:featuredmedia":[{"embeddable":true,"href":"https:\/\/server.idssoft.net\/idsdemo\/wp-json\/wp\/v2\/media\/13954"}],"wp:attachment":[{"href":"https:\/\/server.idssoft.net\/idsdemo\/wp-json\/wp\/v2\/media?parent=13956"}],"wp:term":[{"taxonomy":"product_cat","embeddable":true,"href":"https:\/\/server.idssoft.net\/idsdemo\/wp-json\/wp\/v2\/product_cat?post=13956"},{"taxonomy":"product_tag","embeddable":true,"href":"https:\/\/server.idssoft.net\/idsdemo\/wp-json\/wp\/v2\/product_tag?post=13956"}],"curies":[{"name":"wp","href":"https:\/\/api.w.org\/{rel}","templated":true}]}}