{"id":13967,"date":"2021-06-23T14:53:07","date_gmt":"2021-06-23T14:53:07","guid":{"rendered":"https:\/\/server.idssoft.net\/idsdemo\/producto\/mini-videocamara-full-hd-1080p-negra-con-vision-nocturna\/"},"modified":"2021-06-23T14:53:07","modified_gmt":"2021-06-23T14:53:07","slug":"mini-videocamara-full-hd-1080p-negra-con-vision-nocturna","status":"publish","type":"product","link":"https:\/\/server.idssoft.net\/idsdemo\/producto\/mini-videocamara-full-hd-1080p-negra-con-vision-nocturna\/","title":{"rendered":"MINI VIDEOCAMARA FULL HD 1080P NEGRA CON VISION NOCTURNA"},"content":{"rendered":"<p>Discreta y peque\u00f1a, pero sus resultados te sorprender\u00e1n gratamente. Con visi\u00f3n nocturna, esta c\u00e1mara est\u00e1 pensada para los m\u00e1s entr\u00e9pidos y aventureros. <\/p>\n<p>\u00a1Sorpr\u00e9ndete con la calidad de sus resultados! Obt\u00e9n v\u00eddeos Full HD en un sol<\/p>\n","protected":false},"excerpt":{"rendered":"<p>Discreta y peque\u00f1a, pero sus resultados te sorprender\u00e1n gratamente. Con visi\u00f3n nocturna, esta c\u00e1mara est\u00e1 pensada para los m\u00e1s entr\u00e9pidos y aventureros. \u00a1Sorpr\u00e9ndete con la calidad de sus resultados! Obt\u00e9n v\u00eddeos Full HD en un sol<\/p>\n","protected":false},"featured_media":13966,"comment_status":"open","ping_status":"closed","template":"","meta":[],"product_cat":[565],"product_tag":[],"class_list":["post-13967","product","type-product","status-publish","has-post-thumbnail","hentry","product_cat-camaras-y-accesorios","thunk-woo-product-list","opn-qv-enable","top-store-woo-hover-","top-store-single-product-tab-horizontal","top-store-shadow-","top-store-shadow-hover-"],"_links":{"self":[{"href":"https:\/\/server.idssoft.net\/idsdemo\/wp-json\/wp\/v2\/product\/13967","targetHints":{"allow":["GET"]}}],"collection":[{"href":"https:\/\/server.idssoft.net\/idsdemo\/wp-json\/wp\/v2\/product"}],"about":[{"href":"https:\/\/server.idssoft.net\/idsdemo\/wp-json\/wp\/v2\/types\/product"}],"replies":[{"embeddable":true,"href":"https:\/\/server.idssoft.net\/idsdemo\/wp-json\/wp\/v2\/comments?post=13967"}],"wp:featuredmedia":[{"embeddable":true,"href":"https:\/\/server.idssoft.net\/idsdemo\/wp-json\/wp\/v2\/media\/13966"}],"wp:attachment":[{"href":"https:\/\/server.idssoft.net\/idsdemo\/wp-json\/wp\/v2\/media?parent=13967"}],"wp:term":[{"taxonomy":"product_cat","embeddable":true,"href":"https:\/\/server.idssoft.net\/idsdemo\/wp-json\/wp\/v2\/product_cat?post=13967"},{"taxonomy":"product_tag","embeddable":true,"href":"https:\/\/server.idssoft.net\/idsdemo\/wp-json\/wp\/v2\/product_tag?post=13967"}],"curies":[{"name":"wp","href":"https:\/\/api.w.org\/{rel}","templated":true}]}}