{"id":14050,"date":"2021-06-23T14:55:58","date_gmt":"2021-06-23T14:55:58","guid":{"rendered":"https:\/\/server.idssoft.net\/idsdemo\/producto\/base-regriferadora-airblade-500-azul-poratiles-hasta-17-3-2x\/"},"modified":"2021-06-23T14:55:58","modified_gmt":"2021-06-23T14:55:58","slug":"base-regriferadora-airblade-500-azul-poratiles-hasta-17-3-2x","status":"publish","type":"product","link":"https:\/\/server.idssoft.net\/idsdemo\/producto\/base-regriferadora-airblade-500-azul-poratiles-hasta-17-3-2x\/","title":{"rendered":"BASE REGRIFERADORA AIRBLADE 500 AZUL PORATILES HASTA 17.3 2X"},"content":{"rendered":"<p>Uso: ordenador port\u00e1til<br \/>Tama\u00f1o m\u00e1ximo soportado: 17.3 &#034;\/43.9 cm<br \/>Ventiladores: 4 x 120 mm<br \/>Luz de fondo: LED integrado<br \/>Alimentaci\u00f3n: puerto USB (5V)<br \/>Velocidad m\u00e1xima: 1200 RPM<br \/>Nivel de sonido: 25 dBA<br \/>Ajuste de altura<\/p>\n","protected":false},"excerpt":{"rendered":"<p>Uso: ordenador port\u00e1tilTama\u00f1o m\u00e1ximo soportado: 17.3 &#034;\/43.9 cmVentiladores: 4 x 120 mmLuz de fondo: LED integradoAlimentaci\u00f3n: puerto USB (5V)Velocidad m\u00e1xima: 1200 RPMNivel de sonido: 25 dBAAjuste de altura<\/p>\n","protected":false},"featured_media":14048,"comment_status":"open","ping_status":"closed","template":"","meta":[],"product_cat":[484],"product_tag":[],"class_list":["post-14050","product","type-product","status-publish","has-post-thumbnail","hentry","product_cat-accesorios-para-portatiles","thunk-woo-product-list","opn-qv-enable","top-store-woo-hover-","top-store-single-product-tab-horizontal","top-store-shadow-","top-store-shadow-hover-"],"_links":{"self":[{"href":"https:\/\/server.idssoft.net\/idsdemo\/wp-json\/wp\/v2\/product\/14050","targetHints":{"allow":["GET"]}}],"collection":[{"href":"https:\/\/server.idssoft.net\/idsdemo\/wp-json\/wp\/v2\/product"}],"about":[{"href":"https:\/\/server.idssoft.net\/idsdemo\/wp-json\/wp\/v2\/types\/product"}],"replies":[{"embeddable":true,"href":"https:\/\/server.idssoft.net\/idsdemo\/wp-json\/wp\/v2\/comments?post=14050"}],"wp:featuredmedia":[{"embeddable":true,"href":"https:\/\/server.idssoft.net\/idsdemo\/wp-json\/wp\/v2\/media\/14048"}],"wp:attachment":[{"href":"https:\/\/server.idssoft.net\/idsdemo\/wp-json\/wp\/v2\/media?parent=14050"}],"wp:term":[{"taxonomy":"product_cat","embeddable":true,"href":"https:\/\/server.idssoft.net\/idsdemo\/wp-json\/wp\/v2\/product_cat?post=14050"},{"taxonomy":"product_tag","embeddable":true,"href":"https:\/\/server.idssoft.net\/idsdemo\/wp-json\/wp\/v2\/product_tag?post=14050"}],"curies":[{"name":"wp","href":"https:\/\/api.w.org\/{rel}","templated":true}]}}