{"id":14056,"date":"2021-06-23T14:56:08","date_gmt":"2021-06-23T14:56:08","guid":{"rendered":"https:\/\/server.idssoft.net\/idsdemo\/producto\/base-refrigeradora-para-portatil-hasta-17-con-usb-ewent\/"},"modified":"2021-06-23T14:56:08","modified_gmt":"2021-06-23T14:56:08","slug":"base-refrigeradora-para-portatil-hasta-17-con-usb-ewent","status":"publish","type":"product","link":"https:\/\/server.idssoft.net\/idsdemo\/producto\/base-refrigeradora-para-portatil-hasta-17-con-usb-ewent\/","title":{"rendered":"BASE REFRIGERADORA PARA PORTATIL HASTA 17 CON USB EWENT"},"content":{"rendered":"<p> Tama\u00f1o m\u00e1ximo de pantalla: 43,2 cm (17&#034;), N\u00famero de ventiladores incluidos: 2 pieza(s), Tama\u00f1o m\u00ednimo de pantalla: 30,5 cm (12&#034;). Color del producto: Negro, Material: Acrilonitrilo butadieno estireno (ABS), Iluminaci\u00f3n de color: Azul. I<\/p>\n","protected":false},"excerpt":{"rendered":"<p>Tama\u00f1o m\u00e1ximo de pantalla: 43,2 cm (17&#034;), N\u00famero de ventiladores incluidos: 2 pieza(s), Tama\u00f1o m\u00ednimo de pantalla: 30,5 cm (12&#034;). Color del producto: Negro, Material: Acrilonitrilo butadieno estireno (ABS), Iluminaci\u00f3n de color: Azul. I<\/p>\n","protected":false},"featured_media":14054,"comment_status":"open","ping_status":"closed","template":"","meta":[],"product_cat":[484],"product_tag":[],"class_list":["post-14056","product","type-product","status-publish","has-post-thumbnail","hentry","product_cat-accesorios-para-portatiles","thunk-woo-product-list","opn-qv-enable","top-store-woo-hover-","top-store-single-product-tab-horizontal","top-store-shadow-","top-store-shadow-hover-"],"_links":{"self":[{"href":"https:\/\/server.idssoft.net\/idsdemo\/wp-json\/wp\/v2\/product\/14056","targetHints":{"allow":["GET"]}}],"collection":[{"href":"https:\/\/server.idssoft.net\/idsdemo\/wp-json\/wp\/v2\/product"}],"about":[{"href":"https:\/\/server.idssoft.net\/idsdemo\/wp-json\/wp\/v2\/types\/product"}],"replies":[{"embeddable":true,"href":"https:\/\/server.idssoft.net\/idsdemo\/wp-json\/wp\/v2\/comments?post=14056"}],"wp:featuredmedia":[{"embeddable":true,"href":"https:\/\/server.idssoft.net\/idsdemo\/wp-json\/wp\/v2\/media\/14054"}],"wp:attachment":[{"href":"https:\/\/server.idssoft.net\/idsdemo\/wp-json\/wp\/v2\/media?parent=14056"}],"wp:term":[{"taxonomy":"product_cat","embeddable":true,"href":"https:\/\/server.idssoft.net\/idsdemo\/wp-json\/wp\/v2\/product_cat?post=14056"},{"taxonomy":"product_tag","embeddable":true,"href":"https:\/\/server.idssoft.net\/idsdemo\/wp-json\/wp\/v2\/product_tag?post=14056"}],"curies":[{"name":"wp","href":"https:\/\/api.w.org\/{rel}","templated":true}]}}