{"id":14082,"date":"2021-06-23T14:57:03","date_gmt":"2021-06-23T14:57:03","guid":{"rendered":"https:\/\/server.idssoft.net\/idsdemo\/producto\/telefono-senior-con-cable-xtra11500-blanco-swissvoice\/"},"modified":"2021-06-23T14:57:03","modified_gmt":"2021-06-23T14:57:03","slug":"telefono-senior-con-cable-xtra11500-blanco-swissvoice","status":"publish","type":"product","link":"https:\/\/server.idssoft.net\/idsdemo\/producto\/telefono-senior-con-cable-xtra11500-blanco-swissvoice\/","title":{"rendered":"TEL\u00c9FONO SENIOR CON CABLE XTRA11500 BLANCO SWISSVOICE"},"content":{"rendered":"<p>. Funci\u00f3n manos libres con tecla retroiluminada.<br \/>. Gran pantalla retroiluminada con grandes caracteres (dot matrix). <br \/>. Visualizaci\u00f3n de la hora y de la fecha en modo espera. . <br \/>. Visualizaci\u00f3n de la duraci\u00f3n de la llamada. Melod\u00eda co<\/p>\n","protected":false},"excerpt":{"rendered":"<p>. Funci\u00f3n manos libres con tecla retroiluminada.. Gran pantalla retroiluminada con grandes caracteres (dot matrix). . Visualizaci\u00f3n de la hora y de la fecha en modo espera. . . Visualizaci\u00f3n de la duraci\u00f3n de la llamada. Melod\u00eda co<\/p>\n","protected":false},"featured_media":14081,"comment_status":"open","ping_status":"closed","template":"","meta":[],"product_cat":[487],"product_tag":[],"class_list":["post-14082","product","type-product","status-publish","has-post-thumbnail","hentry","product_cat-telefona-fija-sobremesa","thunk-woo-product-list","opn-qv-enable","top-store-woo-hover-","top-store-single-product-tab-horizontal","top-store-shadow-","top-store-shadow-hover-"],"_links":{"self":[{"href":"https:\/\/server.idssoft.net\/idsdemo\/wp-json\/wp\/v2\/product\/14082","targetHints":{"allow":["GET"]}}],"collection":[{"href":"https:\/\/server.idssoft.net\/idsdemo\/wp-json\/wp\/v2\/product"}],"about":[{"href":"https:\/\/server.idssoft.net\/idsdemo\/wp-json\/wp\/v2\/types\/product"}],"replies":[{"embeddable":true,"href":"https:\/\/server.idssoft.net\/idsdemo\/wp-json\/wp\/v2\/comments?post=14082"}],"wp:featuredmedia":[{"embeddable":true,"href":"https:\/\/server.idssoft.net\/idsdemo\/wp-json\/wp\/v2\/media\/14081"}],"wp:attachment":[{"href":"https:\/\/server.idssoft.net\/idsdemo\/wp-json\/wp\/v2\/media?parent=14082"}],"wp:term":[{"taxonomy":"product_cat","embeddable":true,"href":"https:\/\/server.idssoft.net\/idsdemo\/wp-json\/wp\/v2\/product_cat?post=14082"},{"taxonomy":"product_tag","embeddable":true,"href":"https:\/\/server.idssoft.net\/idsdemo\/wp-json\/wp\/v2\/product_tag?post=14082"}],"curies":[{"name":"wp","href":"https:\/\/api.w.org\/{rel}","templated":true}]}}