{"id":14095,"date":"2021-06-23T14:57:32","date_gmt":"2021-06-23T14:57:32","guid":{"rendered":"https:\/\/server.idssoft.net\/idsdemo\/producto\/telefono-sobremesa-spc-3602-negro\/"},"modified":"2021-06-23T14:57:32","modified_gmt":"2021-06-23T14:57:32","slug":"telefono-sobremesa-spc-3602-negro","status":"publish","type":"product","link":"https:\/\/server.idssoft.net\/idsdemo\/producto\/telefono-sobremesa-spc-3602-negro\/","title":{"rendered":"TELEFONO SOBREMESA SPC 3602 NEGRO"},"content":{"rendered":"<p>. 3 memorias directas<br \/>. 10 memorias indirectas<br \/>. Mute\/ Silenciado del tel\u00e9fono<br \/>. Tecla R (permite el acceso a los servicios de operador de telefon\u00eda)<br \/>. Sobremesa y mural<br \/>. Conexi\u00f3n telef\u00f3nica RJ11  <\/p>\n","protected":false},"excerpt":{"rendered":"<p>. 3 memorias directas. 10 memorias indirectas. Mute\/ Silenciado del tel\u00e9fono. Tecla R (permite el acceso a los servicios de operador de telefon\u00eda). Sobremesa y mural. Conexi\u00f3n telef\u00f3nica RJ11<\/p>\n","protected":false},"featured_media":14094,"comment_status":"open","ping_status":"closed","template":"","meta":[],"product_cat":[487],"product_tag":[],"class_list":["post-14095","product","type-product","status-publish","has-post-thumbnail","hentry","product_cat-telefona-fija-sobremesa","thunk-woo-product-list","opn-qv-enable","top-store-woo-hover-","top-store-single-product-tab-horizontal","top-store-shadow-","top-store-shadow-hover-"],"_links":{"self":[{"href":"https:\/\/server.idssoft.net\/idsdemo\/wp-json\/wp\/v2\/product\/14095","targetHints":{"allow":["GET"]}}],"collection":[{"href":"https:\/\/server.idssoft.net\/idsdemo\/wp-json\/wp\/v2\/product"}],"about":[{"href":"https:\/\/server.idssoft.net\/idsdemo\/wp-json\/wp\/v2\/types\/product"}],"replies":[{"embeddable":true,"href":"https:\/\/server.idssoft.net\/idsdemo\/wp-json\/wp\/v2\/comments?post=14095"}],"wp:featuredmedia":[{"embeddable":true,"href":"https:\/\/server.idssoft.net\/idsdemo\/wp-json\/wp\/v2\/media\/14094"}],"wp:attachment":[{"href":"https:\/\/server.idssoft.net\/idsdemo\/wp-json\/wp\/v2\/media?parent=14095"}],"wp:term":[{"taxonomy":"product_cat","embeddable":true,"href":"https:\/\/server.idssoft.net\/idsdemo\/wp-json\/wp\/v2\/product_cat?post=14095"},{"taxonomy":"product_tag","embeddable":true,"href":"https:\/\/server.idssoft.net\/idsdemo\/wp-json\/wp\/v2\/product_tag?post=14095"}],"curies":[{"name":"wp","href":"https:\/\/api.w.org\/{rel}","templated":true}]}}