{"id":14150,"date":"2021-06-23T14:59:17","date_gmt":"2021-06-23T14:59:17","guid":{"rendered":"https:\/\/server.idssoft.net\/idsdemo\/producto\/satisfyer-pro-traveler\/"},"modified":"2021-06-23T14:59:17","modified_gmt":"2021-06-23T14:59:17","slug":"satisfyer-pro-traveler","status":"publish","type":"product","link":"https:\/\/server.idssoft.net\/idsdemo\/producto\/satisfyer-pro-traveler\/","title":{"rendered":"SATISFYER PRO TRAVELER"},"content":{"rendered":"<p>Lo estabas esperando, lo estabas deseando, el nuevo satisfyer Pro Traveler ya ha llegado. Este vibrador de viaje te permite tener orgasmos m\u00faltiples mediante la estimulaci\u00f3n sin contacto. D\u00e9jate cautivar por sus 11 patrones de vibraci\u00f3n que convie<\/p>\n","protected":false},"excerpt":{"rendered":"<p>Lo estabas esperando, lo estabas deseando, el nuevo satisfyer Pro Traveler ya ha llegado. Este vibrador de viaje te permite tener orgasmos m\u00faltiples mediante la estimulaci\u00f3n sin contacto. D\u00e9jate cautivar por sus 11 patrones de vibraci\u00f3n que convie<\/p>\n","protected":false},"featured_media":14147,"comment_status":"open","ping_status":"closed","template":"","meta":[],"product_cat":[557],"product_tag":[],"class_list":["post-14150","product","type-product","status-publish","has-post-thumbnail","hentry","product_cat-juguetes-sexuales","thunk-woo-product-list","opn-qv-enable","top-store-woo-hover-","top-store-single-product-tab-horizontal","top-store-shadow-","top-store-shadow-hover-"],"_links":{"self":[{"href":"https:\/\/server.idssoft.net\/idsdemo\/wp-json\/wp\/v2\/product\/14150","targetHints":{"allow":["GET"]}}],"collection":[{"href":"https:\/\/server.idssoft.net\/idsdemo\/wp-json\/wp\/v2\/product"}],"about":[{"href":"https:\/\/server.idssoft.net\/idsdemo\/wp-json\/wp\/v2\/types\/product"}],"replies":[{"embeddable":true,"href":"https:\/\/server.idssoft.net\/idsdemo\/wp-json\/wp\/v2\/comments?post=14150"}],"wp:featuredmedia":[{"embeddable":true,"href":"https:\/\/server.idssoft.net\/idsdemo\/wp-json\/wp\/v2\/media\/14147"}],"wp:attachment":[{"href":"https:\/\/server.idssoft.net\/idsdemo\/wp-json\/wp\/v2\/media?parent=14150"}],"wp:term":[{"taxonomy":"product_cat","embeddable":true,"href":"https:\/\/server.idssoft.net\/idsdemo\/wp-json\/wp\/v2\/product_cat?post=14150"},{"taxonomy":"product_tag","embeddable":true,"href":"https:\/\/server.idssoft.net\/idsdemo\/wp-json\/wp\/v2\/product_tag?post=14150"}],"curies":[{"name":"wp","href":"https:\/\/api.w.org\/{rel}","templated":true}]}}