{"id":14190,"date":"2021-06-23T15:00:50","date_gmt":"2021-06-23T15:00:50","guid":{"rendered":"https:\/\/server.idssoft.net\/idsdemo\/producto\/arrocera-electrica-1-litro-400w-jata\/"},"modified":"2021-06-23T15:00:50","modified_gmt":"2021-06-23T15:00:50","slug":"arrocera-electrica-1-litro-400w-jata","status":"publish","type":"product","link":"https:\/\/server.idssoft.net\/idsdemo\/producto\/arrocera-electrica-1-litro-400w-jata\/","title":{"rendered":"ARROCERA ELECTRICA 1 LITRO 400W JATA"},"content":{"rendered":"<p>Arrocera el\u00e9ctrica programable con jarra medidora y esp\u00e1tula inclu\u00eddas. Cocina arroces especiales y deliciosos<\/p>\n<p>&#8211; Capacidad 1 L.<br \/>&#8211; Tapa de cristal de seguridad \u201ctemperit\u201d.<br \/>&#8211; Selector de programas: cocci\u00f3n \/ mantenimiento de cal<\/p>\n","protected":false},"excerpt":{"rendered":"<p>Arrocera el\u00e9ctrica programable con jarra medidora y esp\u00e1tula inclu\u00eddas. Cocina arroces especiales y deliciosos &#8211; Capacidad 1 L.&#8211; Tapa de cristal de seguridad \u201ctemperit\u201d.&#8211; Selector de programas: cocci\u00f3n \/ mantenimiento de cal<\/p>\n","protected":false},"featured_media":14189,"comment_status":"open","ping_status":"closed","template":"","meta":[],"product_cat":[572],"product_tag":[],"class_list":["post-14190","product","type-product","status-publish","has-post-thumbnail","hentry","product_cat-arroceras-robots","thunk-woo-product-list","opn-qv-enable","top-store-woo-hover-","top-store-single-product-tab-horizontal","top-store-shadow-","top-store-shadow-hover-"],"_links":{"self":[{"href":"https:\/\/server.idssoft.net\/idsdemo\/wp-json\/wp\/v2\/product\/14190","targetHints":{"allow":["GET"]}}],"collection":[{"href":"https:\/\/server.idssoft.net\/idsdemo\/wp-json\/wp\/v2\/product"}],"about":[{"href":"https:\/\/server.idssoft.net\/idsdemo\/wp-json\/wp\/v2\/types\/product"}],"replies":[{"embeddable":true,"href":"https:\/\/server.idssoft.net\/idsdemo\/wp-json\/wp\/v2\/comments?post=14190"}],"wp:featuredmedia":[{"embeddable":true,"href":"https:\/\/server.idssoft.net\/idsdemo\/wp-json\/wp\/v2\/media\/14189"}],"wp:attachment":[{"href":"https:\/\/server.idssoft.net\/idsdemo\/wp-json\/wp\/v2\/media?parent=14190"}],"wp:term":[{"taxonomy":"product_cat","embeddable":true,"href":"https:\/\/server.idssoft.net\/idsdemo\/wp-json\/wp\/v2\/product_cat?post=14190"},{"taxonomy":"product_tag","embeddable":true,"href":"https:\/\/server.idssoft.net\/idsdemo\/wp-json\/wp\/v2\/product_tag?post=14190"}],"curies":[{"name":"wp","href":"https:\/\/api.w.org\/{rel}","templated":true}]}}