{"id":14196,"date":"2021-06-23T15:01:04","date_gmt":"2021-06-23T15:01:04","guid":{"rendered":"https:\/\/server.idssoft.net\/idsdemo\/producto\/satisfyer-estimulador-curvy-2-blanco\/"},"modified":"2021-06-23T15:01:04","modified_gmt":"2021-06-23T15:01:04","slug":"satisfyer-estimulador-curvy-2-blanco","status":"publish","type":"product","link":"https:\/\/server.idssoft.net\/idsdemo\/producto\/satisfyer-estimulador-curvy-2-blanco\/","title":{"rendered":"SATISFYER ESTIMULADOR CURVY 2+ BLANCO"},"content":{"rendered":"<p>El Curvy 2+ es un estimulador de aire pulsado y un vibrador, 2 en 1. Cuenta con un la tecnolog\u00eda Satisfyer Connect, la experiencia definitiva.<\/p>\n<p>Este estimulador de cl\u00edtoris cuenta con un dise\u00f1o ergon\u00f3mico, garantizando que las ondas de p<\/p>\n","protected":false},"excerpt":{"rendered":"<p>El Curvy 2+ es un estimulador de aire pulsado y un vibrador, 2 en 1. Cuenta con un la tecnolog\u00eda Satisfyer Connect, la experiencia definitiva. Este estimulador de cl\u00edtoris cuenta con un dise\u00f1o ergon\u00f3mico, garantizando que las ondas de p<\/p>\n","protected":false},"featured_media":14195,"comment_status":"open","ping_status":"closed","template":"","meta":[],"product_cat":[557],"product_tag":[],"class_list":["post-14196","product","type-product","status-publish","has-post-thumbnail","hentry","product_cat-juguetes-sexuales","thunk-woo-product-list","opn-qv-enable","top-store-woo-hover-","top-store-single-product-tab-horizontal","top-store-shadow-","top-store-shadow-hover-"],"_links":{"self":[{"href":"https:\/\/server.idssoft.net\/idsdemo\/wp-json\/wp\/v2\/product\/14196","targetHints":{"allow":["GET"]}}],"collection":[{"href":"https:\/\/server.idssoft.net\/idsdemo\/wp-json\/wp\/v2\/product"}],"about":[{"href":"https:\/\/server.idssoft.net\/idsdemo\/wp-json\/wp\/v2\/types\/product"}],"replies":[{"embeddable":true,"href":"https:\/\/server.idssoft.net\/idsdemo\/wp-json\/wp\/v2\/comments?post=14196"}],"wp:featuredmedia":[{"embeddable":true,"href":"https:\/\/server.idssoft.net\/idsdemo\/wp-json\/wp\/v2\/media\/14195"}],"wp:attachment":[{"href":"https:\/\/server.idssoft.net\/idsdemo\/wp-json\/wp\/v2\/media?parent=14196"}],"wp:term":[{"taxonomy":"product_cat","embeddable":true,"href":"https:\/\/server.idssoft.net\/idsdemo\/wp-json\/wp\/v2\/product_cat?post=14196"},{"taxonomy":"product_tag","embeddable":true,"href":"https:\/\/server.idssoft.net\/idsdemo\/wp-json\/wp\/v2\/product_tag?post=14196"}],"curies":[{"name":"wp","href":"https:\/\/api.w.org\/{rel}","templated":true}]}}