{"id":14210,"date":"2021-06-23T15:01:34","date_gmt":"2021-06-23T15:01:34","guid":{"rendered":"https:\/\/server.idssoft.net\/idsdemo\/producto\/satisfyer-men-classic-negro\/"},"modified":"2021-06-23T15:01:34","modified_gmt":"2021-06-23T15:01:34","slug":"satisfyer-men-classic-negro","status":"publish","type":"product","link":"https:\/\/server.idssoft.net\/idsdemo\/producto\/satisfyer-men-classic-negro\/","title":{"rendered":"SATISFYER MEN CLASSIC NEGRO"},"content":{"rendered":"<p>La mejor sensaci\u00f3n para la masturbaci\u00f3n. Este elegante juguete para hombre cuenta con una funda interna fabricada de Cyberskin. Su estructura est\u00e1 pensada para crear una sensaci\u00f3n de &#8216;presi\u00f3n&#8217;, perfecto para aumentar las sensaciones. Su innovador<\/p>\n","protected":false},"excerpt":{"rendered":"<p>La mejor sensaci\u00f3n para la masturbaci\u00f3n. Este elegante juguete para hombre cuenta con una funda interna fabricada de Cyberskin. Su estructura est\u00e1 pensada para crear una sensaci\u00f3n de &#8216;presi\u00f3n&#8217;, perfecto para aumentar las sensaciones. Su innovador<\/p>\n","protected":false},"featured_media":14208,"comment_status":"open","ping_status":"closed","template":"","meta":[],"product_cat":[557],"product_tag":[],"class_list":["post-14210","product","type-product","status-publish","has-post-thumbnail","hentry","product_cat-juguetes-sexuales","thunk-woo-product-list","opn-qv-enable","top-store-woo-hover-","top-store-single-product-tab-horizontal","top-store-shadow-","top-store-shadow-hover-"],"_links":{"self":[{"href":"https:\/\/server.idssoft.net\/idsdemo\/wp-json\/wp\/v2\/product\/14210","targetHints":{"allow":["GET"]}}],"collection":[{"href":"https:\/\/server.idssoft.net\/idsdemo\/wp-json\/wp\/v2\/product"}],"about":[{"href":"https:\/\/server.idssoft.net\/idsdemo\/wp-json\/wp\/v2\/types\/product"}],"replies":[{"embeddable":true,"href":"https:\/\/server.idssoft.net\/idsdemo\/wp-json\/wp\/v2\/comments?post=14210"}],"wp:featuredmedia":[{"embeddable":true,"href":"https:\/\/server.idssoft.net\/idsdemo\/wp-json\/wp\/v2\/media\/14208"}],"wp:attachment":[{"href":"https:\/\/server.idssoft.net\/idsdemo\/wp-json\/wp\/v2\/media?parent=14210"}],"wp:term":[{"taxonomy":"product_cat","embeddable":true,"href":"https:\/\/server.idssoft.net\/idsdemo\/wp-json\/wp\/v2\/product_cat?post=14210"},{"taxonomy":"product_tag","embeddable":true,"href":"https:\/\/server.idssoft.net\/idsdemo\/wp-json\/wp\/v2\/product_tag?post=14210"}],"curies":[{"name":"wp","href":"https:\/\/api.w.org\/{rel}","templated":true}]}}