{"id":14224,"date":"2021-06-23T15:02:00","date_gmt":"2021-06-23T15:02:00","guid":{"rendered":"https:\/\/server.idssoft.net\/idsdemo\/producto\/olla-a-presion-electrica-programable-orbegozo-hpe-6075-100\/"},"modified":"2021-06-23T15:02:00","modified_gmt":"2021-06-23T15:02:00","slug":"olla-a-presion-electrica-programable-orbegozo-hpe-6075-100","status":"publish","type":"product","link":"https:\/\/server.idssoft.net\/idsdemo\/producto\/olla-a-presion-electrica-programable-orbegozo-hpe-6075-100\/","title":{"rendered":"OLLA A PRESI\u00d3N EL\u00c9CTRICA PROGRAMABLE ORBEGOZO HPE 6075 | 100"},"content":{"rendered":"<p>.Olla a presi\u00f3n el\u00e9ctrica programable.<br \/>.Capacidad 6 litros. <br \/>.Pantalla Digital.<br \/>.Cubeta interior antiadherente.<br \/>.Temporizador de inicio hasta 24h.<br \/>.Cocci\u00f3n ultrarr\u00e1pida.<br \/>.V\u00e1lvula de seguridad.<br \/>.Distintos men\u00fas<\/p>\n","protected":false},"excerpt":{"rendered":"<p>.Olla a presi\u00f3n el\u00e9ctrica programable..Capacidad 6 litros. .Pantalla Digital..Cubeta interior antiadherente..Temporizador de inicio hasta 24h..Cocci\u00f3n ultrarr\u00e1pida..V\u00e1lvula de seguridad..Distintos men\u00fas<\/p>\n","protected":false},"featured_media":14222,"comment_status":"open","ping_status":"closed","template":"","meta":[],"product_cat":[572],"product_tag":[],"class_list":["post-14224","product","type-product","status-publish","has-post-thumbnail","hentry","product_cat-arroceras-robots","thunk-woo-product-list","opn-qv-enable","top-store-woo-hover-","top-store-single-product-tab-horizontal","top-store-shadow-","top-store-shadow-hover-"],"_links":{"self":[{"href":"https:\/\/server.idssoft.net\/idsdemo\/wp-json\/wp\/v2\/product\/14224","targetHints":{"allow":["GET"]}}],"collection":[{"href":"https:\/\/server.idssoft.net\/idsdemo\/wp-json\/wp\/v2\/product"}],"about":[{"href":"https:\/\/server.idssoft.net\/idsdemo\/wp-json\/wp\/v2\/types\/product"}],"replies":[{"embeddable":true,"href":"https:\/\/server.idssoft.net\/idsdemo\/wp-json\/wp\/v2\/comments?post=14224"}],"wp:featuredmedia":[{"embeddable":true,"href":"https:\/\/server.idssoft.net\/idsdemo\/wp-json\/wp\/v2\/media\/14222"}],"wp:attachment":[{"href":"https:\/\/server.idssoft.net\/idsdemo\/wp-json\/wp\/v2\/media?parent=14224"}],"wp:term":[{"taxonomy":"product_cat","embeddable":true,"href":"https:\/\/server.idssoft.net\/idsdemo\/wp-json\/wp\/v2\/product_cat?post=14224"},{"taxonomy":"product_tag","embeddable":true,"href":"https:\/\/server.idssoft.net\/idsdemo\/wp-json\/wp\/v2\/product_tag?post=14224"}],"curies":[{"name":"wp","href":"https:\/\/api.w.org\/{rel}","templated":true}]}}