{"id":14341,"date":"2021-06-23T15:05:48","date_gmt":"2021-06-23T15:05:48","guid":{"rendered":"https:\/\/server.idssoft.net\/idsdemo\/producto\/kart-pedales-bolid-red-edition\/"},"modified":"2021-06-23T15:05:48","modified_gmt":"2021-06-23T15:05:48","slug":"kart-pedales-bolid-red-edition","status":"publish","type":"product","link":"https:\/\/server.idssoft.net\/idsdemo\/producto\/kart-pedales-bolid-red-edition\/","title":{"rendered":"KART PEDALES BOLID RED EDITION"},"content":{"rendered":"<p>.Chasis de acero tubular con eje met\u00e1lico<br \/>.Ruedas de pl\u00e1stico r\u00edgido<br \/>.F\u00e1cil montaje. Incluye instrucciones de montaje en castellano<br \/>.Cabio de marcha hacia adelante o hacia atr\u00e1s<br \/>.Peso M\u00e1ximo Soportado: 30 Kg.<br \/>.Certificado CE<\/p>\n","protected":false},"excerpt":{"rendered":"<p>.Chasis de acero tubular con eje met\u00e1lico.Ruedas de pl\u00e1stico r\u00edgido.F\u00e1cil montaje. Incluye instrucciones de montaje en castellano.Cabio de marcha hacia adelante o hacia atr\u00e1s.Peso M\u00e1ximo Soportado: 30 Kg..Certificado CE<\/p>\n","protected":false},"featured_media":14340,"comment_status":"open","ping_status":"closed","template":"","meta":[],"product_cat":[462],"product_tag":[],"class_list":["post-14341","product","type-product","status-publish","has-post-thumbnail","hentry","product_cat-patinetes-y-accesorios","thunk-woo-product-list","opn-qv-enable","top-store-woo-hover-","top-store-single-product-tab-horizontal","top-store-shadow-","top-store-shadow-hover-"],"_links":{"self":[{"href":"https:\/\/server.idssoft.net\/idsdemo\/wp-json\/wp\/v2\/product\/14341","targetHints":{"allow":["GET"]}}],"collection":[{"href":"https:\/\/server.idssoft.net\/idsdemo\/wp-json\/wp\/v2\/product"}],"about":[{"href":"https:\/\/server.idssoft.net\/idsdemo\/wp-json\/wp\/v2\/types\/product"}],"replies":[{"embeddable":true,"href":"https:\/\/server.idssoft.net\/idsdemo\/wp-json\/wp\/v2\/comments?post=14341"}],"wp:featuredmedia":[{"embeddable":true,"href":"https:\/\/server.idssoft.net\/idsdemo\/wp-json\/wp\/v2\/media\/14340"}],"wp:attachment":[{"href":"https:\/\/server.idssoft.net\/idsdemo\/wp-json\/wp\/v2\/media?parent=14341"}],"wp:term":[{"taxonomy":"product_cat","embeddable":true,"href":"https:\/\/server.idssoft.net\/idsdemo\/wp-json\/wp\/v2\/product_cat?post=14341"},{"taxonomy":"product_tag","embeddable":true,"href":"https:\/\/server.idssoft.net\/idsdemo\/wp-json\/wp\/v2\/product_tag?post=14341"}],"curies":[{"name":"wp","href":"https:\/\/api.w.org\/{rel}","templated":true}]}}