{"id":14381,"date":"2021-06-23T15:07:02","date_gmt":"2021-06-23T15:07:02","guid":{"rendered":"https:\/\/server.idssoft.net\/idsdemo\/producto\/smartwatch-sw2200-negro-tactil-llamadas-termometro-p\/"},"modified":"2021-06-23T15:07:02","modified_gmt":"2021-06-23T15:07:02","slug":"smartwatch-sw2200-negro-tactil-llamadas-termometro-p","status":"publish","type":"product","link":"https:\/\/server.idssoft.net\/idsdemo\/producto\/smartwatch-sw2200-negro-tactil-llamadas-termometro-p\/","title":{"rendered":"SMARTWATCH SW2200 NEGRO | TACTIL | LLAMADAS | TERMOMETRO | P"},"content":{"rendered":"<p>.Material aleaci\u00f3n de zinc <br \/>.Ip 67<br \/>.Pantalla tactil 1.54&#034;<br \/>.Material de la correa: silicona<br \/>.M\u00e9todo de carga: atracci\u00f3n magn\u00e9tica especial<br \/>.Responde llamadas de tu smartphone a traves del reloj.<br \/>.Funciones principa<\/p>\n","protected":false},"excerpt":{"rendered":"<p>.Material aleaci\u00f3n de zinc .Ip 67.Pantalla tactil 1.54&#034;.Material de la correa: silicona.M\u00e9todo de carga: atracci\u00f3n magn\u00e9tica especial.Responde llamadas de tu smartphone a traves del reloj..Funciones principa<\/p>\n","protected":false},"featured_media":14379,"comment_status":"open","ping_status":"closed","template":"","meta":[],"product_cat":[492],"product_tag":[],"class_list":["post-14381","product","type-product","status-publish","has-post-thumbnail","hentry","product_cat-smartwatch-pulseras","thunk-woo-product-list","opn-qv-enable","top-store-woo-hover-","top-store-single-product-tab-horizontal","top-store-shadow-","top-store-shadow-hover-"],"_links":{"self":[{"href":"https:\/\/server.idssoft.net\/idsdemo\/wp-json\/wp\/v2\/product\/14381","targetHints":{"allow":["GET"]}}],"collection":[{"href":"https:\/\/server.idssoft.net\/idsdemo\/wp-json\/wp\/v2\/product"}],"about":[{"href":"https:\/\/server.idssoft.net\/idsdemo\/wp-json\/wp\/v2\/types\/product"}],"replies":[{"embeddable":true,"href":"https:\/\/server.idssoft.net\/idsdemo\/wp-json\/wp\/v2\/comments?post=14381"}],"wp:featuredmedia":[{"embeddable":true,"href":"https:\/\/server.idssoft.net\/idsdemo\/wp-json\/wp\/v2\/media\/14379"}],"wp:attachment":[{"href":"https:\/\/server.idssoft.net\/idsdemo\/wp-json\/wp\/v2\/media?parent=14381"}],"wp:term":[{"taxonomy":"product_cat","embeddable":true,"href":"https:\/\/server.idssoft.net\/idsdemo\/wp-json\/wp\/v2\/product_cat?post=14381"},{"taxonomy":"product_tag","embeddable":true,"href":"https:\/\/server.idssoft.net\/idsdemo\/wp-json\/wp\/v2\/product_tag?post=14381"}],"curies":[{"name":"wp","href":"https:\/\/api.w.org\/{rel}","templated":true}]}}