{"id":14398,"date":"2021-06-23T15:07:32","date_gmt":"2021-06-23T15:07:32","guid":{"rendered":"https:\/\/server.idssoft.net\/idsdemo\/producto\/smartwatch-sw2600-plata-gps-1-3-ip67-barometro-pul\/"},"modified":"2021-06-23T15:07:32","modified_gmt":"2021-06-23T15:07:32","slug":"smartwatch-sw2600-plata-gps-1-3-ip67-barometro-pul","status":"publish","type":"product","link":"https:\/\/server.idssoft.net\/idsdemo\/producto\/smartwatch-sw2600-plata-gps-1-3-ip67-barometro-pul\/","title":{"rendered":"SMARTWATCH SW2600 PLATA | GPS | 1.3 | IP67 | BAROMETRO | PUL"},"content":{"rendered":"<p>.Pantalla redonda de 1.3&#034;<br \/>.GPS incorporado, br\u00fajula, barometro<br \/>.Monitorizaci\u00f3n del ritmo card\u00edaco preciso, el seguimiento de la presi\u00f3n arterial, soporte para m\u00faltiples modos deportivos<br \/>.Paso, monitorizaci\u00f3n del sue\u00f1o, el cli<\/p>\n","protected":false},"excerpt":{"rendered":"<p>.Pantalla redonda de 1.3&#034;.GPS incorporado, br\u00fajula, barometro.Monitorizaci\u00f3n del ritmo card\u00edaco preciso, el seguimiento de la presi\u00f3n arterial, soporte para m\u00faltiples modos deportivos.Paso, monitorizaci\u00f3n del sue\u00f1o, el cli<\/p>\n","protected":false},"featured_media":14396,"comment_status":"open","ping_status":"closed","template":"","meta":[],"product_cat":[492],"product_tag":[],"class_list":["post-14398","product","type-product","status-publish","has-post-thumbnail","hentry","product_cat-smartwatch-pulseras","thunk-woo-product-list","opn-qv-enable","top-store-woo-hover-","top-store-single-product-tab-horizontal","top-store-shadow-","top-store-shadow-hover-"],"_links":{"self":[{"href":"https:\/\/server.idssoft.net\/idsdemo\/wp-json\/wp\/v2\/product\/14398","targetHints":{"allow":["GET"]}}],"collection":[{"href":"https:\/\/server.idssoft.net\/idsdemo\/wp-json\/wp\/v2\/product"}],"about":[{"href":"https:\/\/server.idssoft.net\/idsdemo\/wp-json\/wp\/v2\/types\/product"}],"replies":[{"embeddable":true,"href":"https:\/\/server.idssoft.net\/idsdemo\/wp-json\/wp\/v2\/comments?post=14398"}],"wp:featuredmedia":[{"embeddable":true,"href":"https:\/\/server.idssoft.net\/idsdemo\/wp-json\/wp\/v2\/media\/14396"}],"wp:attachment":[{"href":"https:\/\/server.idssoft.net\/idsdemo\/wp-json\/wp\/v2\/media?parent=14398"}],"wp:term":[{"taxonomy":"product_cat","embeddable":true,"href":"https:\/\/server.idssoft.net\/idsdemo\/wp-json\/wp\/v2\/product_cat?post=14398"},{"taxonomy":"product_tag","embeddable":true,"href":"https:\/\/server.idssoft.net\/idsdemo\/wp-json\/wp\/v2\/product_tag?post=14398"}],"curies":[{"name":"wp","href":"https:\/\/api.w.org\/{rel}","templated":true}]}}