{"id":14411,"date":"2021-06-23T15:07:56","date_gmt":"2021-06-23T15:07:56","guid":{"rendered":"https:\/\/server.idssoft.net\/idsdemo\/producto\/tablet-alcatel-3t-8088x-10-16gb-2gb-2mpx-wifi4g-2\/"},"modified":"2021-06-23T15:07:56","modified_gmt":"2021-06-23T15:07:56","slug":"tablet-alcatel-3t-8088x-10-16gb-2gb-2mpx-wifi4g-2","status":"publish","type":"product","link":"https:\/\/server.idssoft.net\/idsdemo\/producto\/tablet-alcatel-3t-8088x-10-16gb-2gb-2mpx-wifi4g-2\/","title":{"rendered":"TABLET ALCATEL 3T 8088X | 10 | 16GB | 2GB | 2MPX | WIFI+4G |"},"content":{"rendered":"<p>.Pantalla IPS de alta definici\u00f3n de 10 pulgadas<\/p>\n<p>.Almacenamiento:16GB<\/p>\n<p>.Memoria RAM: 2GB<\/p>\n<p>.C\u00e1mara Posterior: 2 MP (interpolada a 5 MP), lente 2 P<\/p>\n<p>.C\u00e1mara Selfie: 2 MP (interpolada a 5 MP), lente 2 P<\/p>\n<p>.Color:<\/p>\n","protected":false},"excerpt":{"rendered":"<p>.Pantalla IPS de alta definici\u00f3n de 10 pulgadas .Almacenamiento:16GB .Memoria RAM: 2GB .C\u00e1mara Posterior: 2 MP (interpolada a 5 MP), lente 2 P .C\u00e1mara Selfie: 2 MP (interpolada a 5 MP), lente 2 P .Color:<\/p>\n","protected":false},"featured_media":14410,"comment_status":"open","ping_status":"closed","template":"","meta":[],"product_cat":[490],"product_tag":[],"class_list":["post-14411","product","type-product","status-publish","has-post-thumbnail","hentry","product_cat-smartphones","thunk-woo-product-list","opn-qv-enable","top-store-woo-hover-","top-store-single-product-tab-horizontal","top-store-shadow-","top-store-shadow-hover-"],"_links":{"self":[{"href":"https:\/\/server.idssoft.net\/idsdemo\/wp-json\/wp\/v2\/product\/14411","targetHints":{"allow":["GET"]}}],"collection":[{"href":"https:\/\/server.idssoft.net\/idsdemo\/wp-json\/wp\/v2\/product"}],"about":[{"href":"https:\/\/server.idssoft.net\/idsdemo\/wp-json\/wp\/v2\/types\/product"}],"replies":[{"embeddable":true,"href":"https:\/\/server.idssoft.net\/idsdemo\/wp-json\/wp\/v2\/comments?post=14411"}],"wp:featuredmedia":[{"embeddable":true,"href":"https:\/\/server.idssoft.net\/idsdemo\/wp-json\/wp\/v2\/media\/14410"}],"wp:attachment":[{"href":"https:\/\/server.idssoft.net\/idsdemo\/wp-json\/wp\/v2\/media?parent=14411"}],"wp:term":[{"taxonomy":"product_cat","embeddable":true,"href":"https:\/\/server.idssoft.net\/idsdemo\/wp-json\/wp\/v2\/product_cat?post=14411"},{"taxonomy":"product_tag","embeddable":true,"href":"https:\/\/server.idssoft.net\/idsdemo\/wp-json\/wp\/v2\/product_tag?post=14411"}],"curies":[{"name":"wp","href":"https:\/\/api.w.org\/{rel}","templated":true}]}}