{"id":14435,"date":"2021-06-23T15:08:42","date_gmt":"2021-06-23T15:08:42","guid":{"rendered":"https:\/\/server.idssoft.net\/idsdemo\/producto\/altavoz-karaoke-bluetooth-tube-10w-microfono-correa-cool\/"},"modified":"2021-06-23T15:08:42","modified_gmt":"2021-06-23T15:08:42","slug":"altavoz-karaoke-bluetooth-tube-10w-microfono-correa-cool","status":"publish","type":"product","link":"https:\/\/server.idssoft.net\/idsdemo\/producto\/altavoz-karaoke-bluetooth-tube-10w-microfono-correa-cool\/","title":{"rendered":"ALTAVOZ KARAOKE BLUETOOTH TUBE 10W + MICROFONO + CORREA COOL"},"content":{"rendered":"<p>&#8211; Potencia: 10W<br \/>&#8211; Funcion TWS (True Wireless Stereo): es una tecnolog\u00eda que permite emparejar dos dispositivos de audio a trav\u00e9s de la conexi\u00f3n Bluetooth; y de esta manera poder transmitir de manera separada el canal izquierdo y derecho para co<\/p>\n","protected":false},"excerpt":{"rendered":"<p>&#8211; Potencia: 10W&#8211; Funcion TWS (True Wireless Stereo): es una tecnolog\u00eda que permite emparejar dos dispositivos de audio a trav\u00e9s de la conexi\u00f3n Bluetooth; y de esta manera poder transmitir de manera separada el canal izquierdo y derecho para co<\/p>\n","protected":false},"featured_media":14433,"comment_status":"open","ping_status":"closed","template":"","meta":[],"product_cat":[472],"product_tag":[],"class_list":["post-14435","product","type-product","status-publish","has-post-thumbnail","hentry","product_cat-altavoces-bluetooth","thunk-woo-product-list","opn-qv-enable","top-store-woo-hover-","top-store-single-product-tab-horizontal","top-store-shadow-","top-store-shadow-hover-"],"_links":{"self":[{"href":"https:\/\/server.idssoft.net\/idsdemo\/wp-json\/wp\/v2\/product\/14435","targetHints":{"allow":["GET"]}}],"collection":[{"href":"https:\/\/server.idssoft.net\/idsdemo\/wp-json\/wp\/v2\/product"}],"about":[{"href":"https:\/\/server.idssoft.net\/idsdemo\/wp-json\/wp\/v2\/types\/product"}],"replies":[{"embeddable":true,"href":"https:\/\/server.idssoft.net\/idsdemo\/wp-json\/wp\/v2\/comments?post=14435"}],"wp:featuredmedia":[{"embeddable":true,"href":"https:\/\/server.idssoft.net\/idsdemo\/wp-json\/wp\/v2\/media\/14433"}],"wp:attachment":[{"href":"https:\/\/server.idssoft.net\/idsdemo\/wp-json\/wp\/v2\/media?parent=14435"}],"wp:term":[{"taxonomy":"product_cat","embeddable":true,"href":"https:\/\/server.idssoft.net\/idsdemo\/wp-json\/wp\/v2\/product_cat?post=14435"},{"taxonomy":"product_tag","embeddable":true,"href":"https:\/\/server.idssoft.net\/idsdemo\/wp-json\/wp\/v2\/product_tag?post=14435"}],"curies":[{"name":"wp","href":"https:\/\/api.w.org\/{rel}","templated":true}]}}