{"id":14453,"date":"2021-06-23T15:09:12","date_gmt":"2021-06-23T15:09:12","guid":{"rendered":"https:\/\/server.idssoft.net\/idsdemo\/producto\/cinturon-herramientas-de-construccion\/"},"modified":"2021-06-23T15:09:12","modified_gmt":"2021-06-23T15:09:12","slug":"cinturon-herramientas-de-construccion","status":"publish","type":"product","link":"https:\/\/server.idssoft.net\/idsdemo\/producto\/cinturon-herramientas-de-construccion\/","title":{"rendered":"CINTURON HERRAMIENTAS DE CONSTRUCCION"},"content":{"rendered":"<p>Con este pr\u00e1ctico set de construcci\u00f3n estar\u00e1n los peque\u00f1os constructores perfectamente preparados. Aqu\u00ed se encuentra todo lo necesario para trabajar. Martillo, sierra, incluso tuercas peque\u00f1as. Todo est\u00e1 all\u00ed. El cintur\u00f3n adem\u00e1s se abre y ci<\/p>\n","protected":false},"excerpt":{"rendered":"<p>Con este pr\u00e1ctico set de construcci\u00f3n estar\u00e1n los peque\u00f1os constructores perfectamente preparados. Aqu\u00ed se encuentra todo lo necesario para trabajar. Martillo, sierra, incluso tuercas peque\u00f1as. Todo est\u00e1 all\u00ed. El cintur\u00f3n adem\u00e1s se abre y ci<\/p>\n","protected":false},"featured_media":14451,"comment_status":"open","ping_status":"closed","template":"","meta":[],"product_cat":[464],"product_tag":[],"class_list":["post-14453","product","type-product","status-publish","has-post-thumbnail","hentry","product_cat-juguetes-de-madera","thunk-woo-product-list","opn-qv-enable","top-store-woo-hover-","top-store-single-product-tab-horizontal","top-store-shadow-","top-store-shadow-hover-"],"_links":{"self":[{"href":"https:\/\/server.idssoft.net\/idsdemo\/wp-json\/wp\/v2\/product\/14453","targetHints":{"allow":["GET"]}}],"collection":[{"href":"https:\/\/server.idssoft.net\/idsdemo\/wp-json\/wp\/v2\/product"}],"about":[{"href":"https:\/\/server.idssoft.net\/idsdemo\/wp-json\/wp\/v2\/types\/product"}],"replies":[{"embeddable":true,"href":"https:\/\/server.idssoft.net\/idsdemo\/wp-json\/wp\/v2\/comments?post=14453"}],"wp:featuredmedia":[{"embeddable":true,"href":"https:\/\/server.idssoft.net\/idsdemo\/wp-json\/wp\/v2\/media\/14451"}],"wp:attachment":[{"href":"https:\/\/server.idssoft.net\/idsdemo\/wp-json\/wp\/v2\/media?parent=14453"}],"wp:term":[{"taxonomy":"product_cat","embeddable":true,"href":"https:\/\/server.idssoft.net\/idsdemo\/wp-json\/wp\/v2\/product_cat?post=14453"},{"taxonomy":"product_tag","embeddable":true,"href":"https:\/\/server.idssoft.net\/idsdemo\/wp-json\/wp\/v2\/product_tag?post=14453"}],"curies":[{"name":"wp","href":"https:\/\/api.w.org\/{rel}","templated":true}]}}