{"id":14481,"date":"2021-06-23T15:09:57","date_gmt":"2021-06-23T15:09:57","guid":{"rendered":"https:\/\/server.idssoft.net\/idsdemo\/producto\/cinturon-para-peluqueria-madera\/"},"modified":"2021-06-23T15:09:57","modified_gmt":"2021-06-23T15:09:57","slug":"cinturon-para-peluqueria-madera","status":"publish","type":"product","link":"https:\/\/server.idssoft.net\/idsdemo\/producto\/cinturon-para-peluqueria-madera\/","title":{"rendered":"CINTURON PARA PELUQUERIA MADERA"},"content":{"rendered":"<p>Con este cintur\u00f3n ajustable de nylon para peque\u00f1os peluqueros saldr\u00e1 cada estilista con gloria. En el cintur\u00f3n se encuentr\u00e1n los principales utensilios para un peluquero. El secador, cepillo, tijeras y peine, todo de madera. Este lindo bolsito ci<\/p>\n","protected":false},"excerpt":{"rendered":"<p>Con este cintur\u00f3n ajustable de nylon para peque\u00f1os peluqueros saldr\u00e1 cada estilista con gloria. En el cintur\u00f3n se encuentr\u00e1n los principales utensilios para un peluquero. El secador, cepillo, tijeras y peine, todo de madera. Este lindo bolsito ci<\/p>\n","protected":false},"featured_media":14478,"comment_status":"open","ping_status":"closed","template":"","meta":[],"product_cat":[464],"product_tag":[],"class_list":["post-14481","product","type-product","status-publish","has-post-thumbnail","hentry","product_cat-juguetes-de-madera","thunk-woo-product-list","opn-qv-enable","top-store-woo-hover-","top-store-single-product-tab-horizontal","top-store-shadow-","top-store-shadow-hover-"],"_links":{"self":[{"href":"https:\/\/server.idssoft.net\/idsdemo\/wp-json\/wp\/v2\/product\/14481","targetHints":{"allow":["GET"]}}],"collection":[{"href":"https:\/\/server.idssoft.net\/idsdemo\/wp-json\/wp\/v2\/product"}],"about":[{"href":"https:\/\/server.idssoft.net\/idsdemo\/wp-json\/wp\/v2\/types\/product"}],"replies":[{"embeddable":true,"href":"https:\/\/server.idssoft.net\/idsdemo\/wp-json\/wp\/v2\/comments?post=14481"}],"wp:featuredmedia":[{"embeddable":true,"href":"https:\/\/server.idssoft.net\/idsdemo\/wp-json\/wp\/v2\/media\/14478"}],"wp:attachment":[{"href":"https:\/\/server.idssoft.net\/idsdemo\/wp-json\/wp\/v2\/media?parent=14481"}],"wp:term":[{"taxonomy":"product_cat","embeddable":true,"href":"https:\/\/server.idssoft.net\/idsdemo\/wp-json\/wp\/v2\/product_cat?post=14481"},{"taxonomy":"product_tag","embeddable":true,"href":"https:\/\/server.idssoft.net\/idsdemo\/wp-json\/wp\/v2\/product_tag?post=14481"}],"curies":[{"name":"wp","href":"https:\/\/api.w.org\/{rel}","templated":true}]}}