{"id":14492,"date":"2021-06-23T15:10:13","date_gmt":"2021-06-23T15:10:13","guid":{"rendered":"https:\/\/server.idssoft.net\/idsdemo\/producto\/caja-registradora-de-madera\/"},"modified":"2021-06-23T15:10:13","modified_gmt":"2021-06-23T15:10:13","slug":"caja-registradora-de-madera","status":"publish","type":"product","link":"https:\/\/server.idssoft.net\/idsdemo\/producto\/caja-registradora-de-madera\/","title":{"rendered":"CAJA REGISTRADORA DE MADERA"},"content":{"rendered":"<p>Esta linda caja registradora de madera no puede faltar en ninguna tienda. Esta caja para jugar ense\u00f1a la relaci\u00f3n del dinero y los precios. El dinero y la tarjeta de cr\u00e9dito tienen su lugar en los cajones correspondientes y el precio de los art\u00edcu<\/p>\n","protected":false},"excerpt":{"rendered":"<p>Esta linda caja registradora de madera no puede faltar en ninguna tienda. Esta caja para jugar ense\u00f1a la relaci\u00f3n del dinero y los precios. El dinero y la tarjeta de cr\u00e9dito tienen su lugar en los cajones correspondientes y el precio de los art\u00edcu<\/p>\n","protected":false},"featured_media":14489,"comment_status":"open","ping_status":"closed","template":"","meta":[],"product_cat":[464],"product_tag":[],"class_list":["post-14492","product","type-product","status-publish","has-post-thumbnail","hentry","product_cat-juguetes-de-madera","thunk-woo-product-list","opn-qv-enable","top-store-woo-hover-","top-store-single-product-tab-horizontal","top-store-shadow-","top-store-shadow-hover-"],"_links":{"self":[{"href":"https:\/\/server.idssoft.net\/idsdemo\/wp-json\/wp\/v2\/product\/14492","targetHints":{"allow":["GET"]}}],"collection":[{"href":"https:\/\/server.idssoft.net\/idsdemo\/wp-json\/wp\/v2\/product"}],"about":[{"href":"https:\/\/server.idssoft.net\/idsdemo\/wp-json\/wp\/v2\/types\/product"}],"replies":[{"embeddable":true,"href":"https:\/\/server.idssoft.net\/idsdemo\/wp-json\/wp\/v2\/comments?post=14492"}],"wp:featuredmedia":[{"embeddable":true,"href":"https:\/\/server.idssoft.net\/idsdemo\/wp-json\/wp\/v2\/media\/14489"}],"wp:attachment":[{"href":"https:\/\/server.idssoft.net\/idsdemo\/wp-json\/wp\/v2\/media?parent=14492"}],"wp:term":[{"taxonomy":"product_cat","embeddable":true,"href":"https:\/\/server.idssoft.net\/idsdemo\/wp-json\/wp\/v2\/product_cat?post=14492"},{"taxonomy":"product_tag","embeddable":true,"href":"https:\/\/server.idssoft.net\/idsdemo\/wp-json\/wp\/v2\/product_tag?post=14492"}],"curies":[{"name":"wp","href":"https:\/\/api.w.org\/{rel}","templated":true}]}}