{"id":14523,"date":"2021-06-23T15:10:58","date_gmt":"2021-06-23T15:10:58","guid":{"rendered":"https:\/\/server.idssoft.net\/idsdemo\/producto\/tendedero-de-madera-de-juguete\/"},"modified":"2021-06-23T15:10:58","modified_gmt":"2021-06-23T15:10:58","slug":"tendedero-de-madera-de-juguete","status":"publish","type":"product","link":"https:\/\/server.idssoft.net\/idsdemo\/producto\/tendedero-de-madera-de-juguete\/","title":{"rendered":"TENDEDERO DE MADERA DE JUGUETE"},"content":{"rendered":"<p>\u00a1La lavander\u00eda est\u00e1 lista! En este robusto tendedero de madera, la ropa de la mu\u00f1eca se seca especialmente bien despu\u00e9s de lavarla. Cuatro l\u00edneas tensadas a una altura de trabajo confortable garantizan una amplia zona de secado<\/p>\n<p>.Dimen<\/p>\n","protected":false},"excerpt":{"rendered":"<p>\u00a1La lavander\u00eda est\u00e1 lista! En este robusto tendedero de madera, la ropa de la mu\u00f1eca se seca especialmente bien despu\u00e9s de lavarla. Cuatro l\u00edneas tensadas a una altura de trabajo confortable garantizan una amplia zona de secado .Dimen<\/p>\n","protected":false},"featured_media":14520,"comment_status":"open","ping_status":"closed","template":"","meta":[],"product_cat":[464],"product_tag":[],"class_list":["post-14523","product","type-product","status-publish","has-post-thumbnail","hentry","product_cat-juguetes-de-madera","thunk-woo-product-list","opn-qv-enable","top-store-woo-hover-","top-store-single-product-tab-horizontal","top-store-shadow-","top-store-shadow-hover-"],"_links":{"self":[{"href":"https:\/\/server.idssoft.net\/idsdemo\/wp-json\/wp\/v2\/product\/14523","targetHints":{"allow":["GET"]}}],"collection":[{"href":"https:\/\/server.idssoft.net\/idsdemo\/wp-json\/wp\/v2\/product"}],"about":[{"href":"https:\/\/server.idssoft.net\/idsdemo\/wp-json\/wp\/v2\/types\/product"}],"replies":[{"embeddable":true,"href":"https:\/\/server.idssoft.net\/idsdemo\/wp-json\/wp\/v2\/comments?post=14523"}],"wp:featuredmedia":[{"embeddable":true,"href":"https:\/\/server.idssoft.net\/idsdemo\/wp-json\/wp\/v2\/media\/14520"}],"wp:attachment":[{"href":"https:\/\/server.idssoft.net\/idsdemo\/wp-json\/wp\/v2\/media?parent=14523"}],"wp:term":[{"taxonomy":"product_cat","embeddable":true,"href":"https:\/\/server.idssoft.net\/idsdemo\/wp-json\/wp\/v2\/product_cat?post=14523"},{"taxonomy":"product_tag","embeddable":true,"href":"https:\/\/server.idssoft.net\/idsdemo\/wp-json\/wp\/v2\/product_tag?post=14523"}],"curies":[{"name":"wp","href":"https:\/\/api.w.org\/{rel}","templated":true}]}}