{"id":14526,"date":"2021-06-23T15:11:03","date_gmt":"2021-06-23T15:11:03","guid":{"rendered":"https:\/\/server.idssoft.net\/idsdemo\/producto\/estuche-de-maquillaje-y-peluqueria-retro\/"},"modified":"2021-06-23T15:11:03","modified_gmt":"2021-06-23T15:11:03","slug":"estuche-de-maquillaje-y-peluqueria-retro","status":"publish","type":"product","link":"https:\/\/server.idssoft.net\/idsdemo\/producto\/estuche-de-maquillaje-y-peluqueria-retro\/","title":{"rendered":"ESTUCHE DE MAQUILLAJE Y PELUQUERIA RETRO"},"content":{"rendered":"<p>Este amplio set de juegos incluye: polvo, pincel, l\u00e1piz de labios, espejo y sombra de ojos. Para un estilo perfecto, tambi\u00e9n hay: plancha, secador de pelo, peine y cordones de pelo reales.Por fin, estilizando y maquillando como mam\u00e1. Las bisagras d<\/p>\n","protected":false},"excerpt":{"rendered":"<p>Este amplio set de juegos incluye: polvo, pincel, l\u00e1piz de labios, espejo y sombra de ojos. Para un estilo perfecto, tambi\u00e9n hay: plancha, secador de pelo, peine y cordones de pelo reales.Por fin, estilizando y maquillando como mam\u00e1. Las bisagras d<\/p>\n","protected":false},"featured_media":14524,"comment_status":"open","ping_status":"closed","template":"","meta":[],"product_cat":[464],"product_tag":[],"class_list":["post-14526","product","type-product","status-publish","has-post-thumbnail","hentry","product_cat-juguetes-de-madera","thunk-woo-product-list","opn-qv-enable","top-store-woo-hover-","top-store-single-product-tab-horizontal","top-store-shadow-","top-store-shadow-hover-"],"_links":{"self":[{"href":"https:\/\/server.idssoft.net\/idsdemo\/wp-json\/wp\/v2\/product\/14526","targetHints":{"allow":["GET"]}}],"collection":[{"href":"https:\/\/server.idssoft.net\/idsdemo\/wp-json\/wp\/v2\/product"}],"about":[{"href":"https:\/\/server.idssoft.net\/idsdemo\/wp-json\/wp\/v2\/types\/product"}],"replies":[{"embeddable":true,"href":"https:\/\/server.idssoft.net\/idsdemo\/wp-json\/wp\/v2\/comments?post=14526"}],"wp:featuredmedia":[{"embeddable":true,"href":"https:\/\/server.idssoft.net\/idsdemo\/wp-json\/wp\/v2\/media\/14524"}],"wp:attachment":[{"href":"https:\/\/server.idssoft.net\/idsdemo\/wp-json\/wp\/v2\/media?parent=14526"}],"wp:term":[{"taxonomy":"product_cat","embeddable":true,"href":"https:\/\/server.idssoft.net\/idsdemo\/wp-json\/wp\/v2\/product_cat?post=14526"},{"taxonomy":"product_tag","embeddable":true,"href":"https:\/\/server.idssoft.net\/idsdemo\/wp-json\/wp\/v2\/product_tag?post=14526"}],"curies":[{"name":"wp","href":"https:\/\/api.w.org\/{rel}","templated":true}]}}