{"id":14541,"date":"2021-06-23T15:11:24","date_gmt":"2021-06-23T15:11:24","guid":{"rendered":"https:\/\/server.idssoft.net\/idsdemo\/producto\/sofa-cama-para-munecas\/"},"modified":"2021-06-23T15:11:24","modified_gmt":"2021-06-23T15:11:24","slug":"sofa-cama-para-munecas","status":"publish","type":"product","link":"https:\/\/server.idssoft.net\/idsdemo\/producto\/sofa-cama-para-munecas\/","title":{"rendered":"SOFA CAMA PARA MU\u00d1ECAS"},"content":{"rendered":"<p> la cama de esta mu\u00f1eca resulta ser un sof\u00e1 c\u00f3modo. El pr\u00e1ctico caj\u00f3n no solo guarda la linda ropa de cama, sino que tambi\u00e9n se puede utilizar como un segundo lugar para dormir. En la linda colcha, las mu\u00f1ecas se sienten c\u00f3modas y pueden recup<\/p>\n","protected":false},"excerpt":{"rendered":"<p>la cama de esta mu\u00f1eca resulta ser un sof\u00e1 c\u00f3modo. El pr\u00e1ctico caj\u00f3n no solo guarda la linda ropa de cama, sino que tambi\u00e9n se puede utilizar como un segundo lugar para dormir. En la linda colcha, las mu\u00f1ecas se sienten c\u00f3modas y pueden recup<\/p>\n","protected":false},"featured_media":14538,"comment_status":"open","ping_status":"closed","template":"","meta":[],"product_cat":[465],"product_tag":[],"class_list":["post-14541","product","type-product","status-publish","has-post-thumbnail","hentry","product_cat-muecos","thunk-woo-product-list","opn-qv-enable","top-store-woo-hover-","top-store-single-product-tab-horizontal","top-store-shadow-","top-store-shadow-hover-"],"_links":{"self":[{"href":"https:\/\/server.idssoft.net\/idsdemo\/wp-json\/wp\/v2\/product\/14541","targetHints":{"allow":["GET"]}}],"collection":[{"href":"https:\/\/server.idssoft.net\/idsdemo\/wp-json\/wp\/v2\/product"}],"about":[{"href":"https:\/\/server.idssoft.net\/idsdemo\/wp-json\/wp\/v2\/types\/product"}],"replies":[{"embeddable":true,"href":"https:\/\/server.idssoft.net\/idsdemo\/wp-json\/wp\/v2\/comments?post=14541"}],"wp:featuredmedia":[{"embeddable":true,"href":"https:\/\/server.idssoft.net\/idsdemo\/wp-json\/wp\/v2\/media\/14538"}],"wp:attachment":[{"href":"https:\/\/server.idssoft.net\/idsdemo\/wp-json\/wp\/v2\/media?parent=14541"}],"wp:term":[{"taxonomy":"product_cat","embeddable":true,"href":"https:\/\/server.idssoft.net\/idsdemo\/wp-json\/wp\/v2\/product_cat?post=14541"},{"taxonomy":"product_tag","embeddable":true,"href":"https:\/\/server.idssoft.net\/idsdemo\/wp-json\/wp\/v2\/product_tag?post=14541"}],"curies":[{"name":"wp","href":"https:\/\/api.w.org\/{rel}","templated":true}]}}