{"id":14575,"date":"2021-06-23T15:12:18","date_gmt":"2021-06-23T15:12:18","guid":{"rendered":"https:\/\/server.idssoft.net\/idsdemo\/producto\/casa-de-munecas-tejado-azul-dos-pisos-girable\/"},"modified":"2021-06-23T15:12:18","modified_gmt":"2021-06-23T15:12:18","slug":"casa-de-munecas-tejado-azul-dos-pisos-girable","status":"publish","type":"product","link":"https:\/\/server.idssoft.net\/idsdemo\/producto\/casa-de-munecas-tejado-azul-dos-pisos-girable\/","title":{"rendered":"CASA DE MU\u00d1ECAS TEJADO AZUL DOS PISOS GIRABLE"},"content":{"rendered":"<p>\u00a1Un sue\u00f1o en tonos pastel! Cada habitaci\u00f3n est\u00e1 pintada de un tono diferente y los 15 muebles ofrecen muchas posibilidades de juego. Lo mejor: la casa se coloca sobre una base giratoria, para que se pueda jugar desde diferentes lados al mismo tiem<\/p>\n","protected":false},"excerpt":{"rendered":"<p>\u00a1Un sue\u00f1o en tonos pastel! Cada habitaci\u00f3n est\u00e1 pintada de un tono diferente y los 15 muebles ofrecen muchas posibilidades de juego. Lo mejor: la casa se coloca sobre una base giratoria, para que se pueda jugar desde diferentes lados al mismo tiem<\/p>\n","protected":false},"featured_media":14573,"comment_status":"open","ping_status":"closed","template":"","meta":[],"product_cat":[465],"product_tag":[],"class_list":["post-14575","product","type-product","status-publish","has-post-thumbnail","hentry","product_cat-muecos","thunk-woo-product-list","opn-qv-enable","top-store-woo-hover-","top-store-single-product-tab-horizontal","top-store-shadow-","top-store-shadow-hover-"],"_links":{"self":[{"href":"https:\/\/server.idssoft.net\/idsdemo\/wp-json\/wp\/v2\/product\/14575","targetHints":{"allow":["GET"]}}],"collection":[{"href":"https:\/\/server.idssoft.net\/idsdemo\/wp-json\/wp\/v2\/product"}],"about":[{"href":"https:\/\/server.idssoft.net\/idsdemo\/wp-json\/wp\/v2\/types\/product"}],"replies":[{"embeddable":true,"href":"https:\/\/server.idssoft.net\/idsdemo\/wp-json\/wp\/v2\/comments?post=14575"}],"wp:featuredmedia":[{"embeddable":true,"href":"https:\/\/server.idssoft.net\/idsdemo\/wp-json\/wp\/v2\/media\/14573"}],"wp:attachment":[{"href":"https:\/\/server.idssoft.net\/idsdemo\/wp-json\/wp\/v2\/media?parent=14575"}],"wp:term":[{"taxonomy":"product_cat","embeddable":true,"href":"https:\/\/server.idssoft.net\/idsdemo\/wp-json\/wp\/v2\/product_cat?post=14575"},{"taxonomy":"product_tag","embeddable":true,"href":"https:\/\/server.idssoft.net\/idsdemo\/wp-json\/wp\/v2\/product_tag?post=14575"}],"curies":[{"name":"wp","href":"https:\/\/api.w.org\/{rel}","templated":true}]}}