{"id":14578,"date":"2021-06-23T15:12:24","date_gmt":"2021-06-23T15:12:24","guid":{"rendered":"https:\/\/server.idssoft.net\/idsdemo\/producto\/casa-muneca-3-pisos-girable-tejado-rosa\/"},"modified":"2021-06-23T15:12:24","modified_gmt":"2021-06-23T15:12:24","slug":"casa-muneca-3-pisos-girable-tejado-rosa","status":"publish","type":"product","link":"https:\/\/server.idssoft.net\/idsdemo\/producto\/casa-muneca-3-pisos-girable-tejado-rosa\/","title":{"rendered":"CASA MU\u00d1ECA 3 PISOS GIRABLE TEJADO ROSA"},"content":{"rendered":"<p>\u00a1Encantadora casa de mu\u00f1ecas para los peque\u00f1os padres! Esta casa de mu\u00f1ecas est\u00e1 equipada con muchas funciones y 21 muebles. Los hermosos colores y motivos hacen que la casa parezca un castillo de cuento de hadas. Los tres pisos dan mucho espacio<\/p>\n","protected":false},"excerpt":{"rendered":"<p>\u00a1Encantadora casa de mu\u00f1ecas para los peque\u00f1os padres! Esta casa de mu\u00f1ecas est\u00e1 equipada con muchas funciones y 21 muebles. Los hermosos colores y motivos hacen que la casa parezca un castillo de cuento de hadas. Los tres pisos dan mucho espacio<\/p>\n","protected":false},"featured_media":14576,"comment_status":"open","ping_status":"closed","template":"","meta":[],"product_cat":[465],"product_tag":[],"class_list":["post-14578","product","type-product","status-publish","has-post-thumbnail","hentry","product_cat-muecos","thunk-woo-product-list","opn-qv-enable","top-store-woo-hover-","top-store-single-product-tab-horizontal","top-store-shadow-","top-store-shadow-hover-"],"_links":{"self":[{"href":"https:\/\/server.idssoft.net\/idsdemo\/wp-json\/wp\/v2\/product\/14578","targetHints":{"allow":["GET"]}}],"collection":[{"href":"https:\/\/server.idssoft.net\/idsdemo\/wp-json\/wp\/v2\/product"}],"about":[{"href":"https:\/\/server.idssoft.net\/idsdemo\/wp-json\/wp\/v2\/types\/product"}],"replies":[{"embeddable":true,"href":"https:\/\/server.idssoft.net\/idsdemo\/wp-json\/wp\/v2\/comments?post=14578"}],"wp:featuredmedia":[{"embeddable":true,"href":"https:\/\/server.idssoft.net\/idsdemo\/wp-json\/wp\/v2\/media\/14576"}],"wp:attachment":[{"href":"https:\/\/server.idssoft.net\/idsdemo\/wp-json\/wp\/v2\/media?parent=14578"}],"wp:term":[{"taxonomy":"product_cat","embeddable":true,"href":"https:\/\/server.idssoft.net\/idsdemo\/wp-json\/wp\/v2\/product_cat?post=14578"},{"taxonomy":"product_tag","embeddable":true,"href":"https:\/\/server.idssoft.net\/idsdemo\/wp-json\/wp\/v2\/product_tag?post=14578"}],"curies":[{"name":"wp","href":"https:\/\/api.w.org\/{rel}","templated":true}]}}