{"id":14586,"date":"2021-06-23T15:12:35","date_gmt":"2021-06-23T15:12:35","guid":{"rendered":"https:\/\/server.idssoft.net\/idsdemo\/producto\/horno-de-cocina-con-accesorios\/"},"modified":"2021-06-23T15:12:35","modified_gmt":"2021-06-23T15:12:35","slug":"horno-de-cocina-con-accesorios","status":"publish","type":"product","link":"https:\/\/server.idssoft.net\/idsdemo\/producto\/horno-de-cocina-con-accesorios\/","title":{"rendered":"HORNO DE COCINA CON ACCESORIOS"},"content":{"rendered":"<p>Bonita cocina infantil de 8 piezas. <br \/>&#8211; Accesorios: cacerola y cazuela con tapa, guante de horno, pa\u00f1uelo de cocina y 2 ayudantes de cocina. <br \/>&#8211; Estufa de &#034;gas&#034; con im\u00e1genes de llamas. Tambi\u00e9n tiene ajustadores y un fuerte cierre ma<\/p>\n","protected":false},"excerpt":{"rendered":"<p>Bonita cocina infantil de 8 piezas. &#8211; Accesorios: cacerola y cazuela con tapa, guante de horno, pa\u00f1uelo de cocina y 2 ayudantes de cocina. &#8211; Estufa de &#034;gas&#034; con im\u00e1genes de llamas. Tambi\u00e9n tiene ajustadores y un fuerte cierre ma<\/p>\n","protected":false},"featured_media":14583,"comment_status":"open","ping_status":"closed","template":"","meta":[],"product_cat":[464],"product_tag":[],"class_list":["post-14586","product","type-product","status-publish","has-post-thumbnail","hentry","product_cat-juguetes-de-madera","thunk-woo-product-list","opn-qv-enable","top-store-woo-hover-","top-store-single-product-tab-horizontal","top-store-shadow-","top-store-shadow-hover-"],"_links":{"self":[{"href":"https:\/\/server.idssoft.net\/idsdemo\/wp-json\/wp\/v2\/product\/14586","targetHints":{"allow":["GET"]}}],"collection":[{"href":"https:\/\/server.idssoft.net\/idsdemo\/wp-json\/wp\/v2\/product"}],"about":[{"href":"https:\/\/server.idssoft.net\/idsdemo\/wp-json\/wp\/v2\/types\/product"}],"replies":[{"embeddable":true,"href":"https:\/\/server.idssoft.net\/idsdemo\/wp-json\/wp\/v2\/comments?post=14586"}],"wp:featuredmedia":[{"embeddable":true,"href":"https:\/\/server.idssoft.net\/idsdemo\/wp-json\/wp\/v2\/media\/14583"}],"wp:attachment":[{"href":"https:\/\/server.idssoft.net\/idsdemo\/wp-json\/wp\/v2\/media?parent=14586"}],"wp:term":[{"taxonomy":"product_cat","embeddable":true,"href":"https:\/\/server.idssoft.net\/idsdemo\/wp-json\/wp\/v2\/product_cat?post=14586"},{"taxonomy":"product_tag","embeddable":true,"href":"https:\/\/server.idssoft.net\/idsdemo\/wp-json\/wp\/v2\/product_tag?post=14586"}],"curies":[{"name":"wp","href":"https:\/\/api.w.org\/{rel}","templated":true}]}}