{"id":14624,"date":"2021-06-23T15:13:33","date_gmt":"2021-06-23T15:13:33","guid":{"rendered":"https:\/\/server.idssoft.net\/idsdemo\/producto\/set-de-frutas-en-tela-con-caja\/"},"modified":"2021-06-23T15:13:33","modified_gmt":"2021-06-23T15:13:33","slug":"set-de-frutas-en-tela-con-caja","status":"publish","type":"product","link":"https:\/\/server.idssoft.net\/idsdemo\/producto\/set-de-frutas-en-tela-con-caja\/","title":{"rendered":"SET DE FRUTAS EN TELA CON CAJA"},"content":{"rendered":"<p>\u00a1Frutas frescas! Con este set de frutas, una deliciosa fruta llega a la mesa de la cocina de los ni\u00f1os. La caja de madera de la fruta est\u00e1 llena de dos manzanas, dos naranjas, un kiwi, un mel\u00f3n y un pl\u00e1tano de felpa suave. Lo mejor: el banano de<\/p>\n","protected":false},"excerpt":{"rendered":"<p>\u00a1Frutas frescas! Con este set de frutas, una deliciosa fruta llega a la mesa de la cocina de los ni\u00f1os. La caja de madera de la fruta est\u00e1 llena de dos manzanas, dos naranjas, un kiwi, un mel\u00f3n y un pl\u00e1tano de felpa suave. Lo mejor: el banano de<\/p>\n","protected":false},"featured_media":14621,"comment_status":"open","ping_status":"closed","template":"","meta":[],"product_cat":[464],"product_tag":[],"class_list":["post-14624","product","type-product","status-publish","has-post-thumbnail","hentry","product_cat-juguetes-de-madera","thunk-woo-product-list","opn-qv-enable","top-store-woo-hover-","top-store-single-product-tab-horizontal","top-store-shadow-","top-store-shadow-hover-"],"_links":{"self":[{"href":"https:\/\/server.idssoft.net\/idsdemo\/wp-json\/wp\/v2\/product\/14624","targetHints":{"allow":["GET"]}}],"collection":[{"href":"https:\/\/server.idssoft.net\/idsdemo\/wp-json\/wp\/v2\/product"}],"about":[{"href":"https:\/\/server.idssoft.net\/idsdemo\/wp-json\/wp\/v2\/types\/product"}],"replies":[{"embeddable":true,"href":"https:\/\/server.idssoft.net\/idsdemo\/wp-json\/wp\/v2\/comments?post=14624"}],"wp:featuredmedia":[{"embeddable":true,"href":"https:\/\/server.idssoft.net\/idsdemo\/wp-json\/wp\/v2\/media\/14621"}],"wp:attachment":[{"href":"https:\/\/server.idssoft.net\/idsdemo\/wp-json\/wp\/v2\/media?parent=14624"}],"wp:term":[{"taxonomy":"product_cat","embeddable":true,"href":"https:\/\/server.idssoft.net\/idsdemo\/wp-json\/wp\/v2\/product_cat?post=14624"},{"taxonomy":"product_tag","embeddable":true,"href":"https:\/\/server.idssoft.net\/idsdemo\/wp-json\/wp\/v2\/product_tag?post=14624"}],"curies":[{"name":"wp","href":"https:\/\/api.w.org\/{rel}","templated":true}]}}