{"id":14838,"date":"2021-06-23T15:19:35","date_gmt":"2021-06-23T15:19:35","guid":{"rendered":"https:\/\/server.idssoft.net\/idsdemo\/producto\/mesa-jardin-rectangular-blanca-1-8mtrs\/"},"modified":"2021-06-23T15:19:35","modified_gmt":"2021-06-23T15:19:35","slug":"mesa-jardin-rectangular-blanca-1-8mtrs","status":"publish","type":"product","link":"https:\/\/server.idssoft.net\/idsdemo\/producto\/mesa-jardin-rectangular-blanca-1-8mtrs\/","title":{"rendered":"MESA JARDIN RECTANGULAR BLANCA 1.8MTRS"},"content":{"rendered":"<p>&#8211; Mesa rectangular plegable de 180cm. para uso interior y exterior. Mesa de catering fabricada en polipropileno y acero, totalmente plegable y con un sistema de seguridad anticierre. Cuentan con un asa para hacer su transporte mucho m\u00e1s f\u00e1cil y c\u00f3m<\/p>\n","protected":false},"excerpt":{"rendered":"<p>&#8211; Mesa rectangular plegable de 180cm. para uso interior y exterior. Mesa de catering fabricada en polipropileno y acero, totalmente plegable y con un sistema de seguridad anticierre. Cuentan con un asa para hacer su transporte mucho m\u00e1s f\u00e1cil y c\u00f3m<\/p>\n","protected":false},"featured_media":14836,"comment_status":"open","ping_status":"closed","template":"","meta":[],"product_cat":[532],"product_tag":[],"class_list":["post-14838","product","type-product","status-publish","has-post-thumbnail","hentry","product_cat-mesas","thunk-woo-product-list","opn-qv-enable","top-store-woo-hover-","top-store-single-product-tab-horizontal","top-store-shadow-","top-store-shadow-hover-"],"_links":{"self":[{"href":"https:\/\/server.idssoft.net\/idsdemo\/wp-json\/wp\/v2\/product\/14838","targetHints":{"allow":["GET"]}}],"collection":[{"href":"https:\/\/server.idssoft.net\/idsdemo\/wp-json\/wp\/v2\/product"}],"about":[{"href":"https:\/\/server.idssoft.net\/idsdemo\/wp-json\/wp\/v2\/types\/product"}],"replies":[{"embeddable":true,"href":"https:\/\/server.idssoft.net\/idsdemo\/wp-json\/wp\/v2\/comments?post=14838"}],"wp:featuredmedia":[{"embeddable":true,"href":"https:\/\/server.idssoft.net\/idsdemo\/wp-json\/wp\/v2\/media\/14836"}],"wp:attachment":[{"href":"https:\/\/server.idssoft.net\/idsdemo\/wp-json\/wp\/v2\/media?parent=14838"}],"wp:term":[{"taxonomy":"product_cat","embeddable":true,"href":"https:\/\/server.idssoft.net\/idsdemo\/wp-json\/wp\/v2\/product_cat?post=14838"},{"taxonomy":"product_tag","embeddable":true,"href":"https:\/\/server.idssoft.net\/idsdemo\/wp-json\/wp\/v2\/product_tag?post=14838"}],"curies":[{"name":"wp","href":"https:\/\/api.w.org\/{rel}","templated":true}]}}