{"id":14947,"date":"2021-06-23T15:23:13","date_gmt":"2021-06-23T15:23:13","guid":{"rendered":"https:\/\/server.idssoft.net\/idsdemo\/producto\/set-de-3-cubos-de-basura-poker-tris-20-litros-28x40x31cm-bam\/"},"modified":"2021-06-23T15:23:13","modified_gmt":"2021-06-23T15:23:13","slug":"set-de-3-cubos-de-basura-poker-tris-20-litros-28x40x31cm-bam","status":"publish","type":"product","link":"https:\/\/server.idssoft.net\/idsdemo\/producto\/set-de-3-cubos-de-basura-poker-tris-20-litros-28x40x31cm-bam\/","title":{"rendered":"SET DE 3 CUBOS DE BASURA POKER TRIS 20 LITROS 28X40X31CM BAM"},"content":{"rendered":"<p>Set 3 Cubos de Reciclaje Poker Tris de BAMA, la ayuda que necesitas para reciclar en casa. Gracias a sus tres m\u00f3dulos podr\u00e1s clasificar los residuos de manera muy sencilla. Utiliza cada cubo para separar org\u00e1nico, pl\u00e1sticos, papel, vidrio\u2026<\/p>\n","protected":false},"excerpt":{"rendered":"<p>Set 3 Cubos de Reciclaje Poker Tris de BAMA, la ayuda que necesitas para reciclar en casa. Gracias a sus tres m\u00f3dulos podr\u00e1s clasificar los residuos de manera muy sencilla. Utiliza cada cubo para separar org\u00e1nico, pl\u00e1sticos, papel, vidrio\u2026<\/p>\n","protected":false},"featured_media":14945,"comment_status":"open","ping_status":"closed","template":"","meta":[],"product_cat":[544],"product_tag":[],"class_list":["post-14947","product","type-product","status-publish","has-post-thumbnail","hentry","product_cat-papeleras","thunk-woo-product-list","opn-qv-enable","top-store-woo-hover-","top-store-single-product-tab-horizontal","top-store-shadow-","top-store-shadow-hover-"],"_links":{"self":[{"href":"https:\/\/server.idssoft.net\/idsdemo\/wp-json\/wp\/v2\/product\/14947","targetHints":{"allow":["GET"]}}],"collection":[{"href":"https:\/\/server.idssoft.net\/idsdemo\/wp-json\/wp\/v2\/product"}],"about":[{"href":"https:\/\/server.idssoft.net\/idsdemo\/wp-json\/wp\/v2\/types\/product"}],"replies":[{"embeddable":true,"href":"https:\/\/server.idssoft.net\/idsdemo\/wp-json\/wp\/v2\/comments?post=14947"}],"wp:featuredmedia":[{"embeddable":true,"href":"https:\/\/server.idssoft.net\/idsdemo\/wp-json\/wp\/v2\/media\/14945"}],"wp:attachment":[{"href":"https:\/\/server.idssoft.net\/idsdemo\/wp-json\/wp\/v2\/media?parent=14947"}],"wp:term":[{"taxonomy":"product_cat","embeddable":true,"href":"https:\/\/server.idssoft.net\/idsdemo\/wp-json\/wp\/v2\/product_cat?post=14947"},{"taxonomy":"product_tag","embeddable":true,"href":"https:\/\/server.idssoft.net\/idsdemo\/wp-json\/wp\/v2\/product_tag?post=14947"}],"curies":[{"name":"wp","href":"https:\/\/api.w.org\/{rel}","templated":true}]}}