{"id":14959,"date":"2021-06-23T15:23:35","date_gmt":"2021-06-23T15:23:35","guid":{"rendered":"https:\/\/server.idssoft.net\/idsdemo\/producto\/joystick-f-16c-viper-hotas-add-on-grip-thrutmaster\/"},"modified":"2021-06-23T15:23:35","modified_gmt":"2021-06-23T15:23:35","slug":"joystick-f-16c-viper-hotas-add-on-grip-thrutmaster","status":"publish","type":"product","link":"https:\/\/server.idssoft.net\/idsdemo\/producto\/joystick-f-16c-viper-hotas-add-on-grip-thrutmaster\/","title":{"rendered":"JOYSTICK F-16C VIPER HOTAS ADD ON GRIP THRUTMASTER"},"content":{"rendered":"<p>R\u00e9plica de flight stick que logra un realismo impresionante Materiales duraderos de categor\u00eda industrial para ofrecer una sensaci\u00f3n aut\u00e9ntica y una duraci\u00f3n m\u00e1xima del producto. R\u00e9plica del flight stick real del caza de ataque F-16C Viper, real<\/p>\n","protected":false},"excerpt":{"rendered":"<p>R\u00e9plica de flight stick que logra un realismo impresionante Materiales duraderos de categor\u00eda industrial para ofrecer una sensaci\u00f3n aut\u00e9ntica y una duraci\u00f3n m\u00e1xima del producto. R\u00e9plica del flight stick real del caza de ataque F-16C Viper, real<\/p>\n","protected":false},"featured_media":14957,"comment_status":"open","ping_status":"closed","template":"","meta":[],"product_cat":[460],"product_tag":[],"class_list":["post-14959","product","type-product","status-publish","has-post-thumbnail","hentry","product_cat-joystick","thunk-woo-product-list","opn-qv-enable","top-store-woo-hover-","top-store-single-product-tab-horizontal","top-store-shadow-","top-store-shadow-hover-"],"_links":{"self":[{"href":"https:\/\/server.idssoft.net\/idsdemo\/wp-json\/wp\/v2\/product\/14959","targetHints":{"allow":["GET"]}}],"collection":[{"href":"https:\/\/server.idssoft.net\/idsdemo\/wp-json\/wp\/v2\/product"}],"about":[{"href":"https:\/\/server.idssoft.net\/idsdemo\/wp-json\/wp\/v2\/types\/product"}],"replies":[{"embeddable":true,"href":"https:\/\/server.idssoft.net\/idsdemo\/wp-json\/wp\/v2\/comments?post=14959"}],"wp:featuredmedia":[{"embeddable":true,"href":"https:\/\/server.idssoft.net\/idsdemo\/wp-json\/wp\/v2\/media\/14957"}],"wp:attachment":[{"href":"https:\/\/server.idssoft.net\/idsdemo\/wp-json\/wp\/v2\/media?parent=14959"}],"wp:term":[{"taxonomy":"product_cat","embeddable":true,"href":"https:\/\/server.idssoft.net\/idsdemo\/wp-json\/wp\/v2\/product_cat?post=14959"},{"taxonomy":"product_tag","embeddable":true,"href":"https:\/\/server.idssoft.net\/idsdemo\/wp-json\/wp\/v2\/product_tag?post=14959"}],"curies":[{"name":"wp","href":"https:\/\/api.w.org\/{rel}","templated":true}]}}