{"id":15042,"date":"2021-06-23T15:26:13","date_gmt":"2021-06-23T15:26:13","guid":{"rendered":"https:\/\/server.idssoft.net\/idsdemo\/producto\/smartwatch-sw2200-white-tactil-llamadas-termometro-p\/"},"modified":"2021-06-23T15:26:13","modified_gmt":"2021-06-23T15:26:13","slug":"smartwatch-sw2200-white-tactil-llamadas-termometro-p","status":"publish","type":"product","link":"https:\/\/server.idssoft.net\/idsdemo\/producto\/smartwatch-sw2200-white-tactil-llamadas-termometro-p\/","title":{"rendered":"SMARTWATCH SW2200 WHITE | TACTIL | LLAMADAS | TERMOMETRO | P"},"content":{"rendered":"<p>\u2022Material aleaci\u00f3n de zinc<br \/>\u2022Ip 67<br \/>\u2022Pantalla tactil 1.54&#034;<br \/>\u2022Material de la correa: silicona<br \/>\u2022M\u00e9todo de carga: atracci\u00f3n magn\u00e9tica especial<br \/>\u2022Responde llamadas de tu smartphone a traves del reloj.<br \/>\u2022Funci<\/p>\n","protected":false},"excerpt":{"rendered":"<p>\u2022Material aleaci\u00f3n de zinc\u2022Ip 67\u2022Pantalla tactil 1.54&#034;\u2022Material de la correa: silicona\u2022M\u00e9todo de carga: atracci\u00f3n magn\u00e9tica especial\u2022Responde llamadas de tu smartphone a traves del reloj.\u2022Funci<\/p>\n","protected":false},"featured_media":15040,"comment_status":"open","ping_status":"closed","template":"","meta":[],"product_cat":[492],"product_tag":[],"class_list":["post-15042","product","type-product","status-publish","has-post-thumbnail","hentry","product_cat-smartwatch-pulseras","thunk-woo-product-list","opn-qv-enable","top-store-woo-hover-","top-store-single-product-tab-horizontal","top-store-shadow-","top-store-shadow-hover-"],"_links":{"self":[{"href":"https:\/\/server.idssoft.net\/idsdemo\/wp-json\/wp\/v2\/product\/15042","targetHints":{"allow":["GET"]}}],"collection":[{"href":"https:\/\/server.idssoft.net\/idsdemo\/wp-json\/wp\/v2\/product"}],"about":[{"href":"https:\/\/server.idssoft.net\/idsdemo\/wp-json\/wp\/v2\/types\/product"}],"replies":[{"embeddable":true,"href":"https:\/\/server.idssoft.net\/idsdemo\/wp-json\/wp\/v2\/comments?post=15042"}],"wp:featuredmedia":[{"embeddable":true,"href":"https:\/\/server.idssoft.net\/idsdemo\/wp-json\/wp\/v2\/media\/15040"}],"wp:attachment":[{"href":"https:\/\/server.idssoft.net\/idsdemo\/wp-json\/wp\/v2\/media?parent=15042"}],"wp:term":[{"taxonomy":"product_cat","embeddable":true,"href":"https:\/\/server.idssoft.net\/idsdemo\/wp-json\/wp\/v2\/product_cat?post=15042"},{"taxonomy":"product_tag","embeddable":true,"href":"https:\/\/server.idssoft.net\/idsdemo\/wp-json\/wp\/v2\/product_tag?post=15042"}],"curies":[{"name":"wp","href":"https:\/\/api.w.org\/{rel}","templated":true}]}}