{"id":15090,"date":"2021-06-23T15:27:33","date_gmt":"2021-06-23T15:27:33","guid":{"rendered":"https:\/\/server.idssoft.net\/idsdemo\/producto\/maquina-algodon-de-azucar-cotton-candy-500w-ariete\/"},"modified":"2021-06-23T15:27:33","modified_gmt":"2021-06-23T15:27:33","slug":"maquina-algodon-de-azucar-cotton-candy-500w-ariete","status":"publish","type":"product","link":"https:\/\/server.idssoft.net\/idsdemo\/producto\/maquina-algodon-de-azucar-cotton-candy-500w-ariete\/","title":{"rendered":"MAQUINA ALGODON DE AZUCAR COTTON CANDY 500W ARIETE"},"content":{"rendered":"<p>Esta m\u00e1quina de algod\u00f3n de az\u00facar de nuevo dise\u00f1o retro de los a\u00f1os 50 funciona tanto con az\u00facar como con caramelos duros. Podr\u00e1s elaborar un delicioso cono de algod\u00f3n de az\u00facar en muchos sabores diferentes para que los peque\u00f1os de la casa d<\/p>\n","protected":false},"excerpt":{"rendered":"<p>Esta m\u00e1quina de algod\u00f3n de az\u00facar de nuevo dise\u00f1o retro de los a\u00f1os 50 funciona tanto con az\u00facar como con caramelos duros. Podr\u00e1s elaborar un delicioso cono de algod\u00f3n de az\u00facar en muchos sabores diferentes para que los peque\u00f1os de la casa d<\/p>\n","protected":false},"featured_media":15088,"comment_status":"open","ping_status":"closed","template":"","meta":[],"product_cat":[515],"product_tag":[],"class_list":["post-15090","product","type-product","status-publish","has-post-thumbnail","hentry","product_cat-funcooking","thunk-woo-product-list","opn-qv-enable","top-store-woo-hover-","top-store-single-product-tab-horizontal","top-store-shadow-","top-store-shadow-hover-"],"_links":{"self":[{"href":"https:\/\/server.idssoft.net\/idsdemo\/wp-json\/wp\/v2\/product\/15090","targetHints":{"allow":["GET"]}}],"collection":[{"href":"https:\/\/server.idssoft.net\/idsdemo\/wp-json\/wp\/v2\/product"}],"about":[{"href":"https:\/\/server.idssoft.net\/idsdemo\/wp-json\/wp\/v2\/types\/product"}],"replies":[{"embeddable":true,"href":"https:\/\/server.idssoft.net\/idsdemo\/wp-json\/wp\/v2\/comments?post=15090"}],"wp:featuredmedia":[{"embeddable":true,"href":"https:\/\/server.idssoft.net\/idsdemo\/wp-json\/wp\/v2\/media\/15088"}],"wp:attachment":[{"href":"https:\/\/server.idssoft.net\/idsdemo\/wp-json\/wp\/v2\/media?parent=15090"}],"wp:term":[{"taxonomy":"product_cat","embeddable":true,"href":"https:\/\/server.idssoft.net\/idsdemo\/wp-json\/wp\/v2\/product_cat?post=15090"},{"taxonomy":"product_tag","embeddable":true,"href":"https:\/\/server.idssoft.net\/idsdemo\/wp-json\/wp\/v2\/product_tag?post=15090"}],"curies":[{"name":"wp","href":"https:\/\/api.w.org\/{rel}","templated":true}]}}