{"id":15093,"date":"2021-06-23T15:27:38","date_gmt":"2021-06-23T15:27:38","guid":{"rendered":"https:\/\/server.idssoft.net\/idsdemo\/producto\/telefono-movil-nokia-105-4th-negro\/"},"modified":"2021-06-23T15:27:38","modified_gmt":"2021-06-23T15:27:38","slug":"telefono-movil-nokia-105-4th-negro","status":"publish","type":"product","link":"https:\/\/server.idssoft.net\/idsdemo\/producto\/telefono-movil-nokia-105-4th-negro\/","title":{"rendered":"TELEFONO MOVIL NOKIA 105 4TH NEGRO"},"content":{"rendered":"<p>Caracter\u00edsticas:<br \/>Dise\u00f1o cl\u00e1sico y ergon\u00f3mico que se adapta mejor a tu mano<br \/>Hasta quince horas de tiempo en conversaci\u00f3n y un mes en modo de espera<br \/>La pantalla QVGA de 1,8&#034; facilita la visualizaci\u00f3n<br \/>El teclado tipo isla te<\/p>\n","protected":false},"excerpt":{"rendered":"<p>Caracter\u00edsticas:Dise\u00f1o cl\u00e1sico y ergon\u00f3mico que se adapta mejor a tu manoHasta quince horas de tiempo en conversaci\u00f3n y un mes en modo de esperaLa pantalla QVGA de 1,8&#034; facilita la visualizaci\u00f3nEl teclado tipo isla te<\/p>\n","protected":false},"featured_media":15091,"comment_status":"open","ping_status":"closed","template":"","meta":[],"product_cat":[489],"product_tag":[],"class_list":["post-15093","product","type-product","status-publish","has-post-thumbnail","hentry","product_cat-telefonia-movil-gama-baja","thunk-woo-product-list","opn-qv-enable","top-store-woo-hover-","top-store-single-product-tab-horizontal","top-store-shadow-","top-store-shadow-hover-"],"_links":{"self":[{"href":"https:\/\/server.idssoft.net\/idsdemo\/wp-json\/wp\/v2\/product\/15093","targetHints":{"allow":["GET"]}}],"collection":[{"href":"https:\/\/server.idssoft.net\/idsdemo\/wp-json\/wp\/v2\/product"}],"about":[{"href":"https:\/\/server.idssoft.net\/idsdemo\/wp-json\/wp\/v2\/types\/product"}],"replies":[{"embeddable":true,"href":"https:\/\/server.idssoft.net\/idsdemo\/wp-json\/wp\/v2\/comments?post=15093"}],"wp:featuredmedia":[{"embeddable":true,"href":"https:\/\/server.idssoft.net\/idsdemo\/wp-json\/wp\/v2\/media\/15091"}],"wp:attachment":[{"href":"https:\/\/server.idssoft.net\/idsdemo\/wp-json\/wp\/v2\/media?parent=15093"}],"wp:term":[{"taxonomy":"product_cat","embeddable":true,"href":"https:\/\/server.idssoft.net\/idsdemo\/wp-json\/wp\/v2\/product_cat?post=15093"},{"taxonomy":"product_tag","embeddable":true,"href":"https:\/\/server.idssoft.net\/idsdemo\/wp-json\/wp\/v2\/product_tag?post=15093"}],"curies":[{"name":"wp","href":"https:\/\/api.w.org\/{rel}","templated":true}]}}