{"id":15107,"date":"2021-06-23T15:28:06","date_gmt":"2021-06-23T15:28:06","guid":{"rendered":"https:\/\/server.idssoft.net\/idsdemo\/producto\/telefono-movil-ruggerizado-nokia-800-tough-negro-acero\/"},"modified":"2021-06-23T15:28:06","modified_gmt":"2021-06-23T15:28:06","slug":"telefono-movil-ruggerizado-nokia-800-tough-negro-acero","status":"publish","type":"product","link":"https:\/\/server.idssoft.net\/idsdemo\/producto\/telefono-movil-ruggerizado-nokia-800-tough-negro-acero\/","title":{"rendered":"TELEFONO MOVIL RUGGERIZADO NOKIA 800 TOUGH NEGRO ACERO"},"content":{"rendered":"<p>DURABILIDAD<br \/>Resistente al agua, al polvo y a las ca\u00eddas<br \/>Con una clasificaci\u00f3n IP68, Nokia 800 Tough est\u00e1 dise\u00f1ado para combatir ca\u00eddas accidentales, polvo, arena, agua e incluso temperaturas extremas. Destino: cualquier parte.<br \/>HERR<\/p>\n","protected":false},"excerpt":{"rendered":"<p>DURABILIDADResistente al agua, al polvo y a las ca\u00eddasCon una clasificaci\u00f3n IP68, Nokia 800 Tough est\u00e1 dise\u00f1ado para combatir ca\u00eddas accidentales, polvo, arena, agua e incluso temperaturas extremas. Destino: cualquier parte.HERR<\/p>\n","protected":false},"featured_media":15105,"comment_status":"open","ping_status":"closed","template":"","meta":[],"product_cat":[489],"product_tag":[],"class_list":["post-15107","product","type-product","status-publish","has-post-thumbnail","hentry","product_cat-telefonia-movil-gama-baja","thunk-woo-product-list","opn-qv-enable","top-store-woo-hover-","top-store-single-product-tab-horizontal","top-store-shadow-","top-store-shadow-hover-"],"_links":{"self":[{"href":"https:\/\/server.idssoft.net\/idsdemo\/wp-json\/wp\/v2\/product\/15107","targetHints":{"allow":["GET"]}}],"collection":[{"href":"https:\/\/server.idssoft.net\/idsdemo\/wp-json\/wp\/v2\/product"}],"about":[{"href":"https:\/\/server.idssoft.net\/idsdemo\/wp-json\/wp\/v2\/types\/product"}],"replies":[{"embeddable":true,"href":"https:\/\/server.idssoft.net\/idsdemo\/wp-json\/wp\/v2\/comments?post=15107"}],"wp:featuredmedia":[{"embeddable":true,"href":"https:\/\/server.idssoft.net\/idsdemo\/wp-json\/wp\/v2\/media\/15105"}],"wp:attachment":[{"href":"https:\/\/server.idssoft.net\/idsdemo\/wp-json\/wp\/v2\/media?parent=15107"}],"wp:term":[{"taxonomy":"product_cat","embeddable":true,"href":"https:\/\/server.idssoft.net\/idsdemo\/wp-json\/wp\/v2\/product_cat?post=15107"},{"taxonomy":"product_tag","embeddable":true,"href":"https:\/\/server.idssoft.net\/idsdemo\/wp-json\/wp\/v2\/product_tag?post=15107"}],"curies":[{"name":"wp","href":"https:\/\/api.w.org\/{rel}","templated":true}]}}