{"id":15157,"date":"2021-06-23T15:29:46","date_gmt":"2021-06-23T15:29:46","guid":{"rendered":"https:\/\/server.idssoft.net\/idsdemo\/producto\/trampolin-cama-elastica-4-27m-nextjump-14-biwond-negra\/"},"modified":"2021-06-23T15:29:46","modified_gmt":"2021-06-23T15:29:46","slug":"trampolin-cama-elastica-4-27m-nextjump-14-biwond-negra","status":"publish","type":"product","link":"https:\/\/server.idssoft.net\/idsdemo\/producto\/trampolin-cama-elastica-4-27m-nextjump-14-biwond-negra\/","title":{"rendered":"TRAMPOL\u00cdN CAMA EL\u00c1STICA 4.27M NEXTJUMP 14 BIWOND NEGRA"},"content":{"rendered":"<p>Hazte ya con la Cama El\u00e1stica 4.27m NextJump 14, y divi\u00e9rtete con los m\u00e1s peques saltando sin parar sobre este amplio trampol\u00edn, que tiene nada m\u00e1s y nada menos que 4.27m de di\u00e1metro de superficie de salto. Disfruta con toda familia, y que nada<\/p>\n","protected":false},"excerpt":{"rendered":"<p>Hazte ya con la Cama El\u00e1stica 4.27m NextJump 14, y divi\u00e9rtete con los m\u00e1s peques saltando sin parar sobre este amplio trampol\u00edn, que tiene nada m\u00e1s y nada menos que 4.27m de di\u00e1metro de superficie de salto. Disfruta con toda familia, y que nada<\/p>\n","protected":false},"featured_media":15155,"comment_status":"open","ping_status":"closed","template":"","meta":[],"product_cat":[463],"product_tag":[],"class_list":["post-15157","product","type-product","status-publish","has-post-thumbnail","hentry","product_cat-juegos-deportivos","thunk-woo-product-list","opn-qv-enable","top-store-woo-hover-","top-store-single-product-tab-horizontal","top-store-shadow-","top-store-shadow-hover-"],"_links":{"self":[{"href":"https:\/\/server.idssoft.net\/idsdemo\/wp-json\/wp\/v2\/product\/15157","targetHints":{"allow":["GET"]}}],"collection":[{"href":"https:\/\/server.idssoft.net\/idsdemo\/wp-json\/wp\/v2\/product"}],"about":[{"href":"https:\/\/server.idssoft.net\/idsdemo\/wp-json\/wp\/v2\/types\/product"}],"replies":[{"embeddable":true,"href":"https:\/\/server.idssoft.net\/idsdemo\/wp-json\/wp\/v2\/comments?post=15157"}],"wp:featuredmedia":[{"embeddable":true,"href":"https:\/\/server.idssoft.net\/idsdemo\/wp-json\/wp\/v2\/media\/15155"}],"wp:attachment":[{"href":"https:\/\/server.idssoft.net\/idsdemo\/wp-json\/wp\/v2\/media?parent=15157"}],"wp:term":[{"taxonomy":"product_cat","embeddable":true,"href":"https:\/\/server.idssoft.net\/idsdemo\/wp-json\/wp\/v2\/product_cat?post=15157"},{"taxonomy":"product_tag","embeddable":true,"href":"https:\/\/server.idssoft.net\/idsdemo\/wp-json\/wp\/v2\/product_tag?post=15157"}],"curies":[{"name":"wp","href":"https:\/\/api.w.org\/{rel}","templated":true}]}}