{"id":15168,"date":"2021-06-23T15:30:05","date_gmt":"2021-06-23T15:30:05","guid":{"rendered":"https:\/\/server.idssoft.net\/idsdemo\/producto\/microfono-trust-gaming-gxt252-emita-usb-2-0\/"},"modified":"2021-06-23T15:30:05","modified_gmt":"2021-06-23T15:30:05","slug":"microfono-trust-gaming-gxt252-emita-usb-2-0","status":"publish","type":"product","link":"https:\/\/server.idssoft.net\/idsdemo\/producto\/microfono-trust-gaming-gxt252-emita-usb-2-0\/","title":{"rendered":"MICROFONO TRUST GAMING GXT252 EMITA USB 2.0"},"content":{"rendered":"<p>Micr\u00f3fono USB profesional para estudio con estuche, con patr\u00f3n de grabaci\u00f3n cardioide de alta precisi\u00f3n; para m\u00fasica en streaming, podcasts, locuciones y m\u00fasica ac\u00fastica<br \/>GXT 252 Emita<br \/>\u00bfEs usted vlogger, cantante, gamer o simplemente<\/p>\n","protected":false},"excerpt":{"rendered":"<p>Micr\u00f3fono USB profesional para estudio con estuche, con patr\u00f3n de grabaci\u00f3n cardioide de alta precisi\u00f3n; para m\u00fasica en streaming, podcasts, locuciones y m\u00fasica ac\u00fasticaGXT 252 Emita\u00bfEs usted vlogger, cantante, gamer o simplemente<\/p>\n","protected":false},"featured_media":15166,"comment_status":"open","ping_status":"closed","template":"","meta":[],"product_cat":[475],"product_tag":[],"class_list":["post-15168","product","type-product","status-publish","has-post-thumbnail","hentry","product_cat-microfonos","thunk-woo-product-list","opn-qv-enable","top-store-woo-hover-","top-store-single-product-tab-horizontal","top-store-shadow-","top-store-shadow-hover-"],"_links":{"self":[{"href":"https:\/\/server.idssoft.net\/idsdemo\/wp-json\/wp\/v2\/product\/15168","targetHints":{"allow":["GET"]}}],"collection":[{"href":"https:\/\/server.idssoft.net\/idsdemo\/wp-json\/wp\/v2\/product"}],"about":[{"href":"https:\/\/server.idssoft.net\/idsdemo\/wp-json\/wp\/v2\/types\/product"}],"replies":[{"embeddable":true,"href":"https:\/\/server.idssoft.net\/idsdemo\/wp-json\/wp\/v2\/comments?post=15168"}],"wp:featuredmedia":[{"embeddable":true,"href":"https:\/\/server.idssoft.net\/idsdemo\/wp-json\/wp\/v2\/media\/15166"}],"wp:attachment":[{"href":"https:\/\/server.idssoft.net\/idsdemo\/wp-json\/wp\/v2\/media?parent=15168"}],"wp:term":[{"taxonomy":"product_cat","embeddable":true,"href":"https:\/\/server.idssoft.net\/idsdemo\/wp-json\/wp\/v2\/product_cat?post=15168"},{"taxonomy":"product_tag","embeddable":true,"href":"https:\/\/server.idssoft.net\/idsdemo\/wp-json\/wp\/v2\/product_tag?post=15168"}],"curies":[{"name":"wp","href":"https:\/\/api.w.org\/{rel}","templated":true}]}}