{"id":15222,"date":"2021-06-23T15:32:09","date_gmt":"2021-06-23T15:32:09","guid":{"rendered":"https:\/\/server.idssoft.net\/idsdemo\/producto\/bandolera-gxt-1260-yuni-messenger-portatil-hasta-15-6-trust\/"},"modified":"2021-06-23T15:32:09","modified_gmt":"2021-06-23T15:32:09","slug":"bandolera-gxt-1260-yuni-messenger-portatil-hasta-15-6-trust","status":"publish","type":"product","link":"https:\/\/server.idssoft.net\/idsdemo\/producto\/bandolera-gxt-1260-yuni-messenger-portatil-hasta-15-6-trust\/","title":{"rendered":"BANDOLERA GXT 1260 YUNI MESSENGER PORTATIL HASTA 15.6 TRUST"},"content":{"rendered":"<p>Bandolera reforzada de lona resistente, para port\u00e1tiles de hasta 15,6&#034;<\/p>\n<p>Bandolera de lona reforzada, resistente e impermeable<br \/>Dise\u00f1o espacioso con compartimento acolchado a prueba de golpes para port\u00e1til<br \/>Compartimento principal<\/p>\n","protected":false},"excerpt":{"rendered":"<p>Bandolera reforzada de lona resistente, para port\u00e1tiles de hasta 15,6&#034; Bandolera de lona reforzada, resistente e impermeableDise\u00f1o espacioso con compartimento acolchado a prueba de golpes para port\u00e1tilCompartimento principal<\/p>\n","protected":false},"featured_media":15220,"comment_status":"open","ping_status":"closed","template":"","meta":[],"product_cat":[484],"product_tag":[],"class_list":["post-15222","product","type-product","status-publish","has-post-thumbnail","hentry","product_cat-accesorios-para-portatiles","thunk-woo-product-list","opn-qv-enable","top-store-woo-hover-","top-store-single-product-tab-horizontal","top-store-shadow-","top-store-shadow-hover-"],"_links":{"self":[{"href":"https:\/\/server.idssoft.net\/idsdemo\/wp-json\/wp\/v2\/product\/15222","targetHints":{"allow":["GET"]}}],"collection":[{"href":"https:\/\/server.idssoft.net\/idsdemo\/wp-json\/wp\/v2\/product"}],"about":[{"href":"https:\/\/server.idssoft.net\/idsdemo\/wp-json\/wp\/v2\/types\/product"}],"replies":[{"embeddable":true,"href":"https:\/\/server.idssoft.net\/idsdemo\/wp-json\/wp\/v2\/comments?post=15222"}],"wp:featuredmedia":[{"embeddable":true,"href":"https:\/\/server.idssoft.net\/idsdemo\/wp-json\/wp\/v2\/media\/15220"}],"wp:attachment":[{"href":"https:\/\/server.idssoft.net\/idsdemo\/wp-json\/wp\/v2\/media?parent=15222"}],"wp:term":[{"taxonomy":"product_cat","embeddable":true,"href":"https:\/\/server.idssoft.net\/idsdemo\/wp-json\/wp\/v2\/product_cat?post=15222"},{"taxonomy":"product_tag","embeddable":true,"href":"https:\/\/server.idssoft.net\/idsdemo\/wp-json\/wp\/v2\/product_tag?post=15222"}],"curies":[{"name":"wp","href":"https:\/\/api.w.org\/{rel}","templated":true}]}}