{"id":15318,"date":"2021-06-23T15:35:11","date_gmt":"2021-06-23T15:35:11","guid":{"rendered":"https:\/\/server.idssoft.net\/idsdemo\/producto\/raton-trust-gaming-gxt-101-600-4800ppp-tapa-superior-de\/"},"modified":"2021-06-23T15:35:11","modified_gmt":"2021-06-23T15:35:11","slug":"raton-trust-gaming-gxt-101-600-4800ppp-tapa-superior-de","status":"publish","type":"product","link":"https:\/\/server.idssoft.net\/idsdemo\/producto\/raton-trust-gaming-gxt-101-600-4800ppp-tapa-superior-de\/","title":{"rendered":"RAT\u00d3N TRUST GAMING GXT 101 &#8211; 600-4800PPP &#8211; TAPA SUPERIOR DE"},"content":{"rendered":"<p>Preciso rat\u00f3n para jugar a juegos de ordenador de 4800 ppp con 6 botones y atractiva iluminaci\u00f3n<\/p>\n<p>Especificaciones t\u00e9cnicas<br \/>Bot\u00f3n de selecci\u00f3n de velocidad (600-4800 ppp)<br \/>Tapa superior de goma para un agarre firme<br \/>Logotipo il<\/p>\n","protected":false},"excerpt":{"rendered":"<p>Preciso rat\u00f3n para jugar a juegos de ordenador de 4800 ppp con 6 botones y atractiva iluminaci\u00f3n Especificaciones t\u00e9cnicasBot\u00f3n de selecci\u00f3n de velocidad (600-4800 ppp)Tapa superior de goma para un agarre firmeLogotipo il<\/p>\n","protected":false},"featured_media":15317,"comment_status":"open","ping_status":"closed","template":"","meta":[],"product_cat":[461],"product_tag":[],"class_list":["post-15318","product","type-product","status-publish","has-post-thumbnail","hentry","product_cat-teclados-y-ratones-gaming","thunk-woo-product-list","opn-qv-enable","top-store-woo-hover-","top-store-single-product-tab-horizontal","top-store-shadow-","top-store-shadow-hover-"],"_links":{"self":[{"href":"https:\/\/server.idssoft.net\/idsdemo\/wp-json\/wp\/v2\/product\/15318","targetHints":{"allow":["GET"]}}],"collection":[{"href":"https:\/\/server.idssoft.net\/idsdemo\/wp-json\/wp\/v2\/product"}],"about":[{"href":"https:\/\/server.idssoft.net\/idsdemo\/wp-json\/wp\/v2\/types\/product"}],"replies":[{"embeddable":true,"href":"https:\/\/server.idssoft.net\/idsdemo\/wp-json\/wp\/v2\/comments?post=15318"}],"wp:featuredmedia":[{"embeddable":true,"href":"https:\/\/server.idssoft.net\/idsdemo\/wp-json\/wp\/v2\/media\/15317"}],"wp:attachment":[{"href":"https:\/\/server.idssoft.net\/idsdemo\/wp-json\/wp\/v2\/media?parent=15318"}],"wp:term":[{"taxonomy":"product_cat","embeddable":true,"href":"https:\/\/server.idssoft.net\/idsdemo\/wp-json\/wp\/v2\/product_cat?post=15318"},{"taxonomy":"product_tag","embeddable":true,"href":"https:\/\/server.idssoft.net\/idsdemo\/wp-json\/wp\/v2\/product_tag?post=15318"}],"curies":[{"name":"wp","href":"https:\/\/api.w.org\/{rel}","templated":true}]}}