{"id":15340,"date":"2021-06-23T15:35:55","date_gmt":"2021-06-23T15:35:55","guid":{"rendered":"https:\/\/server.idssoft.net\/idsdemo\/producto\/cortapelos-depiladora-corporal-7-en-1-jata\/"},"modified":"2021-06-23T15:35:55","modified_gmt":"2021-06-23T15:35:55","slug":"cortapelos-depiladora-corporal-7-en-1-jata","status":"publish","type":"product","link":"https:\/\/server.idssoft.net\/idsdemo\/producto\/cortapelos-depiladora-corporal-7-en-1-jata\/","title":{"rendered":"CORTAPELOS \/ DEPILADORA CORPORAL 7 EN 1 JATA"},"content":{"rendered":"<p>&#8211; Sin cable. Autonom\u00eda 60 minutos.<br \/>&#8211; Recargable.Cable USB incluido<br \/>&#8211; Carga r\u00e1pida de la bater\u00eda: 2 horas.<br \/>&#8211; Impermeable al agua. IPX5.<br \/>&#8211; 7 accesorios intercambiables: 2 rasuradoras, afeitadora, especial nariz, especial orejas y<\/p>\n","protected":false},"excerpt":{"rendered":"<p>&#8211; Sin cable. Autonom\u00eda 60 minutos.&#8211; Recargable.Cable USB incluido&#8211; Carga r\u00e1pida de la bater\u00eda: 2 horas.&#8211; Impermeable al agua. IPX5.&#8211; 7 accesorios intercambiables: 2 rasuradoras, afeitadora, especial nariz, especial orejas y<\/p>\n","protected":false},"featured_media":15338,"comment_status":"open","ping_status":"closed","template":"","meta":[],"product_cat":[509],"product_tag":[],"class_list":["post-15340","product","type-product","status-publish","has-post-thumbnail","hentry","product_cat-cuidado-cabello","thunk-woo-product-list","opn-qv-enable","top-store-woo-hover-","top-store-single-product-tab-horizontal","top-store-shadow-","top-store-shadow-hover-"],"_links":{"self":[{"href":"https:\/\/server.idssoft.net\/idsdemo\/wp-json\/wp\/v2\/product\/15340","targetHints":{"allow":["GET"]}}],"collection":[{"href":"https:\/\/server.idssoft.net\/idsdemo\/wp-json\/wp\/v2\/product"}],"about":[{"href":"https:\/\/server.idssoft.net\/idsdemo\/wp-json\/wp\/v2\/types\/product"}],"replies":[{"embeddable":true,"href":"https:\/\/server.idssoft.net\/idsdemo\/wp-json\/wp\/v2\/comments?post=15340"}],"wp:featuredmedia":[{"embeddable":true,"href":"https:\/\/server.idssoft.net\/idsdemo\/wp-json\/wp\/v2\/media\/15338"}],"wp:attachment":[{"href":"https:\/\/server.idssoft.net\/idsdemo\/wp-json\/wp\/v2\/media?parent=15340"}],"wp:term":[{"taxonomy":"product_cat","embeddable":true,"href":"https:\/\/server.idssoft.net\/idsdemo\/wp-json\/wp\/v2\/product_cat?post=15340"},{"taxonomy":"product_tag","embeddable":true,"href":"https:\/\/server.idssoft.net\/idsdemo\/wp-json\/wp\/v2\/product_tag?post=15340"}],"curies":[{"name":"wp","href":"https:\/\/api.w.org\/{rel}","templated":true}]}}