{"id":15374,"date":"2021-06-23T15:36:53","date_gmt":"2021-06-23T15:36:53","guid":{"rendered":"https:\/\/server.idssoft.net\/idsdemo\/producto\/depiladora-a-la-cera-dos-cubas-jata\/"},"modified":"2021-06-23T15:36:53","modified_gmt":"2021-06-23T15:36:53","slug":"depiladora-a-la-cera-dos-cubas-jata","status":"publish","type":"product","link":"https:\/\/server.idssoft.net\/idsdemo\/producto\/depiladora-a-la-cera-dos-cubas-jata\/","title":{"rendered":"DEPILADORA A LA CERA DOS CUBAS JATA"},"content":{"rendered":"<p>&#8211; Depilaci\u00f3n con cera caliente: elimina el vello desde la ra\u00edz.<br \/>&#8211; Depilaci\u00f3n suave y eficaz.<br \/>&#8211; 2 cubas independientes para calentar y filtrar la cera.<br \/>&#8211; 2 termostatos y 2 pilotos independientes.<br \/>&#8211; Cestillo-filtro incluido: permi<\/p>\n","protected":false},"excerpt":{"rendered":"<p>&#8211; Depilaci\u00f3n con cera caliente: elimina el vello desde la ra\u00edz.&#8211; Depilaci\u00f3n suave y eficaz.&#8211; 2 cubas independientes para calentar y filtrar la cera.&#8211; 2 termostatos y 2 pilotos independientes.&#8211; Cestillo-filtro incluido: permi<\/p>\n","protected":false},"featured_media":15372,"comment_status":"open","ping_status":"closed","template":"","meta":[],"product_cat":[556],"product_tag":[],"class_list":["post-15374","product","type-product","status-publish","has-post-thumbnail","hentry","product_cat-cuidado-de-la-piel","thunk-woo-product-list","opn-qv-enable","top-store-woo-hover-","top-store-single-product-tab-horizontal","top-store-shadow-","top-store-shadow-hover-"],"_links":{"self":[{"href":"https:\/\/server.idssoft.net\/idsdemo\/wp-json\/wp\/v2\/product\/15374","targetHints":{"allow":["GET"]}}],"collection":[{"href":"https:\/\/server.idssoft.net\/idsdemo\/wp-json\/wp\/v2\/product"}],"about":[{"href":"https:\/\/server.idssoft.net\/idsdemo\/wp-json\/wp\/v2\/types\/product"}],"replies":[{"embeddable":true,"href":"https:\/\/server.idssoft.net\/idsdemo\/wp-json\/wp\/v2\/comments?post=15374"}],"wp:featuredmedia":[{"embeddable":true,"href":"https:\/\/server.idssoft.net\/idsdemo\/wp-json\/wp\/v2\/media\/15372"}],"wp:attachment":[{"href":"https:\/\/server.idssoft.net\/idsdemo\/wp-json\/wp\/v2\/media?parent=15374"}],"wp:term":[{"taxonomy":"product_cat","embeddable":true,"href":"https:\/\/server.idssoft.net\/idsdemo\/wp-json\/wp\/v2\/product_cat?post=15374"},{"taxonomy":"product_tag","embeddable":true,"href":"https:\/\/server.idssoft.net\/idsdemo\/wp-json\/wp\/v2\/product_tag?post=15374"}],"curies":[{"name":"wp","href":"https:\/\/api.w.org\/{rel}","templated":true}]}}