{"id":15379,"date":"2021-06-23T15:37:04","date_gmt":"2021-06-23T15:37:04","guid":{"rendered":"https:\/\/server.idssoft.net\/idsdemo\/producto\/limador-de-durezas-depiladora-jata\/"},"modified":"2021-06-23T15:37:04","modified_gmt":"2021-06-23T15:37:04","slug":"limador-de-durezas-depiladora-jata","status":"publish","type":"product","link":"https:\/\/server.idssoft.net\/idsdemo\/producto\/limador-de-durezas-depiladora-jata\/","title":{"rendered":"LIMADOR DE DUREZAS \/ DEPILADORA JATA"},"content":{"rendered":"<p>&#8211; Funcionamiento directo a red y con bater\u00eda. <br \/>&#8211; Sin cable. Autonom\u00eda 60 minutos.<br \/>&#8211; 2 cabezales intercambiables:-Limador de durezas.-Depiladora.<br \/>&#8211; Luz integrada para una \u00f3ptima visi\u00f3n.<br \/>&#8211; Interruptor de encendido.<br \/>&#8211; Indicad<\/p>\n","protected":false},"excerpt":{"rendered":"<p>&#8211; Funcionamiento directo a red y con bater\u00eda. &#8211; Sin cable. Autonom\u00eda 60 minutos.&#8211; 2 cabezales intercambiables:-Limador de durezas.-Depiladora.&#8211; Luz integrada para una \u00f3ptima visi\u00f3n.&#8211; Interruptor de encendido.&#8211; Indicad<\/p>\n","protected":false},"featured_media":15377,"comment_status":"open","ping_status":"closed","template":"","meta":[],"product_cat":[556],"product_tag":[],"class_list":["post-15379","product","type-product","status-publish","has-post-thumbnail","hentry","product_cat-cuidado-de-la-piel","thunk-woo-product-list","opn-qv-enable","top-store-woo-hover-","top-store-single-product-tab-horizontal","top-store-shadow-","top-store-shadow-hover-"],"_links":{"self":[{"href":"https:\/\/server.idssoft.net\/idsdemo\/wp-json\/wp\/v2\/product\/15379","targetHints":{"allow":["GET"]}}],"collection":[{"href":"https:\/\/server.idssoft.net\/idsdemo\/wp-json\/wp\/v2\/product"}],"about":[{"href":"https:\/\/server.idssoft.net\/idsdemo\/wp-json\/wp\/v2\/types\/product"}],"replies":[{"embeddable":true,"href":"https:\/\/server.idssoft.net\/idsdemo\/wp-json\/wp\/v2\/comments?post=15379"}],"wp:featuredmedia":[{"embeddable":true,"href":"https:\/\/server.idssoft.net\/idsdemo\/wp-json\/wp\/v2\/media\/15377"}],"wp:attachment":[{"href":"https:\/\/server.idssoft.net\/idsdemo\/wp-json\/wp\/v2\/media?parent=15379"}],"wp:term":[{"taxonomy":"product_cat","embeddable":true,"href":"https:\/\/server.idssoft.net\/idsdemo\/wp-json\/wp\/v2\/product_cat?post=15379"},{"taxonomy":"product_tag","embeddable":true,"href":"https:\/\/server.idssoft.net\/idsdemo\/wp-json\/wp\/v2\/product_tag?post=15379"}],"curies":[{"name":"wp","href":"https:\/\/api.w.org\/{rel}","templated":true}]}}