{"id":15391,"date":"2021-06-23T15:37:25","date_gmt":"2021-06-23T15:37:25","guid":{"rendered":"https:\/\/server.idssoft.net\/idsdemo\/producto\/plancha-vapor-ceramica-3000w-jata\/"},"modified":"2021-06-23T15:37:25","modified_gmt":"2021-06-23T15:37:25","slug":"plancha-vapor-ceramica-3000w-jata","status":"publish","type":"product","link":"https:\/\/server.idssoft.net\/idsdemo\/producto\/plancha-vapor-ceramica-3000w-jata\/","title":{"rendered":"PLANCHA VAPOR CERAMICA 3000W JATA"},"content":{"rendered":"<p>La plancha de vapor cer\u00e1mica PL1028 con sus 3.000 W de potencia y su suela nano cer\u00e1mica te permite conseguir un planchado profesional.<\/p>\n<p>&#8211; Potencia 3.000 W.<br \/>&#8211; Suela nano cer\u00e1mica. Tama\u00f1o extragrande. <br \/>&#8211; Autodesconexi\u00f3n autom\u00e1tica<\/p>\n","protected":false},"excerpt":{"rendered":"<p>La plancha de vapor cer\u00e1mica PL1028 con sus 3.000 W de potencia y su suela nano cer\u00e1mica te permite conseguir un planchado profesional. &#8211; Potencia 3.000 W.&#8211; Suela nano cer\u00e1mica. Tama\u00f1o extragrande. &#8211; Autodesconexi\u00f3n autom\u00e1tica<\/p>\n","protected":false},"featured_media":15389,"comment_status":"open","ping_status":"closed","template":"","meta":[],"product_cat":[574],"product_tag":[],"class_list":["post-15391","product","type-product","status-publish","has-post-thumbnail","hentry","product_cat-plancha-vapor-quitapelusas","thunk-woo-product-list","opn-qv-enable","top-store-woo-hover-","top-store-single-product-tab-horizontal","top-store-shadow-","top-store-shadow-hover-"],"_links":{"self":[{"href":"https:\/\/server.idssoft.net\/idsdemo\/wp-json\/wp\/v2\/product\/15391","targetHints":{"allow":["GET"]}}],"collection":[{"href":"https:\/\/server.idssoft.net\/idsdemo\/wp-json\/wp\/v2\/product"}],"about":[{"href":"https:\/\/server.idssoft.net\/idsdemo\/wp-json\/wp\/v2\/types\/product"}],"replies":[{"embeddable":true,"href":"https:\/\/server.idssoft.net\/idsdemo\/wp-json\/wp\/v2\/comments?post=15391"}],"wp:featuredmedia":[{"embeddable":true,"href":"https:\/\/server.idssoft.net\/idsdemo\/wp-json\/wp\/v2\/media\/15389"}],"wp:attachment":[{"href":"https:\/\/server.idssoft.net\/idsdemo\/wp-json\/wp\/v2\/media?parent=15391"}],"wp:term":[{"taxonomy":"product_cat","embeddable":true,"href":"https:\/\/server.idssoft.net\/idsdemo\/wp-json\/wp\/v2\/product_cat?post=15391"},{"taxonomy":"product_tag","embeddable":true,"href":"https:\/\/server.idssoft.net\/idsdemo\/wp-json\/wp\/v2\/product_tag?post=15391"}],"curies":[{"name":"wp","href":"https:\/\/api.w.org\/{rel}","templated":true}]}}