{"id":15409,"date":"2021-06-23T15:37:56","date_gmt":"2021-06-23T15:37:56","guid":{"rendered":"https:\/\/server.idssoft.net\/idsdemo\/producto\/cafetera-antigoteo-680w-12-tazas-jata\/"},"modified":"2021-06-23T15:37:56","modified_gmt":"2021-06-23T15:37:56","slug":"cafetera-antigoteo-680w-12-tazas-jata","status":"publish","type":"product","link":"https:\/\/server.idssoft.net\/idsdemo\/producto\/cafetera-antigoteo-680w-12-tazas-jata\/","title":{"rendered":"CAFETERA ANTIGOTEO 680W 12 TAZAS JATA"},"content":{"rendered":"<p>La cafetera CA290 te permite preparar de dos a doce tazas de caf\u00e9, su filtro es permanente y tiene sistema antigoteo.<\/p>\n<p>&#8211; Cafetera de goteo de 2 a 12 tazas.<br \/>&#8211; Cumple normativa de ahorro energ\u00e9tico ERP.<br \/>&#8211; Desconexi\u00f3n autom\u00e1tica.&lt;br \/<\/p>\n","protected":false},"excerpt":{"rendered":"<p>La cafetera CA290 te permite preparar de dos a doce tazas de caf\u00e9, su filtro es permanente y tiene sistema antigoteo. &#8211; Cafetera de goteo de 2 a 12 tazas.&#8211; Cumple normativa de ahorro energ\u00e9tico ERP.&#8211; Desconexi\u00f3n autom\u00e1tica.&lt;br \/<\/p>\n","protected":false},"featured_media":15407,"comment_status":"open","ping_status":"closed","template":"","meta":[],"product_cat":[502],"product_tag":[],"class_list":["post-15409","product","type-product","status-publish","has-post-thumbnail","hentry","product_cat-cafeteras-electricas","thunk-woo-product-list","opn-qv-enable","top-store-woo-hover-","top-store-single-product-tab-horizontal","top-store-shadow-","top-store-shadow-hover-"],"_links":{"self":[{"href":"https:\/\/server.idssoft.net\/idsdemo\/wp-json\/wp\/v2\/product\/15409","targetHints":{"allow":["GET"]}}],"collection":[{"href":"https:\/\/server.idssoft.net\/idsdemo\/wp-json\/wp\/v2\/product"}],"about":[{"href":"https:\/\/server.idssoft.net\/idsdemo\/wp-json\/wp\/v2\/types\/product"}],"replies":[{"embeddable":true,"href":"https:\/\/server.idssoft.net\/idsdemo\/wp-json\/wp\/v2\/comments?post=15409"}],"wp:featuredmedia":[{"embeddable":true,"href":"https:\/\/server.idssoft.net\/idsdemo\/wp-json\/wp\/v2\/media\/15407"}],"wp:attachment":[{"href":"https:\/\/server.idssoft.net\/idsdemo\/wp-json\/wp\/v2\/media?parent=15409"}],"wp:term":[{"taxonomy":"product_cat","embeddable":true,"href":"https:\/\/server.idssoft.net\/idsdemo\/wp-json\/wp\/v2\/product_cat?post=15409"},{"taxonomy":"product_tag","embeddable":true,"href":"https:\/\/server.idssoft.net\/idsdemo\/wp-json\/wp\/v2\/product_tag?post=15409"}],"curies":[{"name":"wp","href":"https:\/\/api.w.org\/{rel}","templated":true}]}}