{"id":15430,"date":"2021-06-23T15:38:32","date_gmt":"2021-06-23T15:38:32","guid":{"rendered":"https:\/\/server.idssoft.net\/idsdemo\/producto\/plancha-asar-2500w-resistencia-en-m-jata\/"},"modified":"2021-06-23T15:38:32","modified_gmt":"2021-06-23T15:38:32","slug":"plancha-asar-2500w-resistencia-en-m-jata","status":"publish","type":"product","link":"https:\/\/server.idssoft.net\/idsdemo\/producto\/plancha-asar-2500w-resistencia-en-m-jata\/","title":{"rendered":"PLANCHA ASAR 2500W RESISTENCIA EN M JATA"},"content":{"rendered":"<p>La plancha de asar de Jata cuenta con una resistencia en forma de M que nos permite cocinar por igual en toda la superficie y de forma r\u00e1pida gracias a sus 2500 W. Est\u00e1 fabricada en Espa\u00f1a.<\/p>\n<p>&#8211; Recubrimiento antiadherente Pfluon Granite libre<\/p>\n","protected":false},"excerpt":{"rendered":"<p>La plancha de asar de Jata cuenta con una resistencia en forma de M que nos permite cocinar por igual en toda la superficie y de forma r\u00e1pida gracias a sus 2500 W. Est\u00e1 fabricada en Espa\u00f1a. &#8211; Recubrimiento antiadherente Pfluon Granite libre<\/p>\n","protected":false},"featured_media":15428,"comment_status":"open","ping_status":"closed","template":"","meta":[],"product_cat":[504],"product_tag":[],"class_list":["post-15430","product","type-product","status-publish","has-post-thumbnail","hentry","product_cat-planchas-de-asar-pizza-pan","thunk-woo-product-list","opn-qv-enable","top-store-woo-hover-","top-store-single-product-tab-horizontal","top-store-shadow-","top-store-shadow-hover-"],"_links":{"self":[{"href":"https:\/\/server.idssoft.net\/idsdemo\/wp-json\/wp\/v2\/product\/15430","targetHints":{"allow":["GET"]}}],"collection":[{"href":"https:\/\/server.idssoft.net\/idsdemo\/wp-json\/wp\/v2\/product"}],"about":[{"href":"https:\/\/server.idssoft.net\/idsdemo\/wp-json\/wp\/v2\/types\/product"}],"replies":[{"embeddable":true,"href":"https:\/\/server.idssoft.net\/idsdemo\/wp-json\/wp\/v2\/comments?post=15430"}],"wp:featuredmedia":[{"embeddable":true,"href":"https:\/\/server.idssoft.net\/idsdemo\/wp-json\/wp\/v2\/media\/15428"}],"wp:attachment":[{"href":"https:\/\/server.idssoft.net\/idsdemo\/wp-json\/wp\/v2\/media?parent=15430"}],"wp:term":[{"taxonomy":"product_cat","embeddable":true,"href":"https:\/\/server.idssoft.net\/idsdemo\/wp-json\/wp\/v2\/product_cat?post=15430"},{"taxonomy":"product_tag","embeddable":true,"href":"https:\/\/server.idssoft.net\/idsdemo\/wp-json\/wp\/v2\/product_tag?post=15430"}],"curies":[{"name":"wp","href":"https:\/\/api.w.org\/{rel}","templated":true}]}}