{"id":15509,"date":"2021-06-23T15:40:58","date_gmt":"2021-06-23T15:40:58","guid":{"rendered":"https:\/\/server.idssoft.net\/idsdemo\/producto\/cocina-electrica-vitro-2400w-inox-jata\/"},"modified":"2021-06-23T15:40:58","modified_gmt":"2021-06-23T15:40:58","slug":"cocina-electrica-vitro-2400w-inox-jata","status":"publish","type":"product","link":"https:\/\/server.idssoft.net\/idsdemo\/producto\/cocina-electrica-vitro-2400w-inox-jata\/","title":{"rendered":"COCINA ELECTRICA VITRO 2400W INOX JATA"},"content":{"rendered":"<p>Cocina el\u00e9ctrica vitrocer\u00e1mica de gran potencia, dise\u00f1o extraplano de altacalidad acabado en acero inoxidable<\/p>\n<p>&#8211; Cuerpo de acero inoxidable.<br \/>&#8211; 2 placas calor\u00edficas de vitrocer\u00e1mica: 1.200 W &#8211; 180 mm \u00d8.<br \/>&#8211; 2 termostatos regulables<\/p>\n","protected":false},"excerpt":{"rendered":"<p>Cocina el\u00e9ctrica vitrocer\u00e1mica de gran potencia, dise\u00f1o extraplano de altacalidad acabado en acero inoxidable &#8211; Cuerpo de acero inoxidable.&#8211; 2 placas calor\u00edficas de vitrocer\u00e1mica: 1.200 W &#8211; 180 mm \u00d8.&#8211; 2 termostatos regulables<\/p>\n","protected":false},"featured_media":15507,"comment_status":"open","ping_status":"closed","template":"","meta":[],"product_cat":[506],"product_tag":[],"class_list":["post-15509","product","type-product","status-publish","has-post-thumbnail","hentry","product_cat-cocinas-electricas","thunk-woo-product-list","opn-qv-enable","top-store-woo-hover-","top-store-single-product-tab-horizontal","top-store-shadow-","top-store-shadow-hover-"],"_links":{"self":[{"href":"https:\/\/server.idssoft.net\/idsdemo\/wp-json\/wp\/v2\/product\/15509","targetHints":{"allow":["GET"]}}],"collection":[{"href":"https:\/\/server.idssoft.net\/idsdemo\/wp-json\/wp\/v2\/product"}],"about":[{"href":"https:\/\/server.idssoft.net\/idsdemo\/wp-json\/wp\/v2\/types\/product"}],"replies":[{"embeddable":true,"href":"https:\/\/server.idssoft.net\/idsdemo\/wp-json\/wp\/v2\/comments?post=15509"}],"wp:featuredmedia":[{"embeddable":true,"href":"https:\/\/server.idssoft.net\/idsdemo\/wp-json\/wp\/v2\/media\/15507"}],"wp:attachment":[{"href":"https:\/\/server.idssoft.net\/idsdemo\/wp-json\/wp\/v2\/media?parent=15509"}],"wp:term":[{"taxonomy":"product_cat","embeddable":true,"href":"https:\/\/server.idssoft.net\/idsdemo\/wp-json\/wp\/v2\/product_cat?post=15509"},{"taxonomy":"product_tag","embeddable":true,"href":"https:\/\/server.idssoft.net\/idsdemo\/wp-json\/wp\/v2\/product_tag?post=15509"}],"curies":[{"name":"wp","href":"https:\/\/api.w.org\/{rel}","templated":true}]}}