{"id":15514,"date":"2021-06-23T15:41:07","date_gmt":"2021-06-23T15:41:07","guid":{"rendered":"https:\/\/server.idssoft.net\/idsdemo\/producto\/manta-electrica-100w-40x30cm-jata\/"},"modified":"2021-06-23T15:41:07","modified_gmt":"2021-06-23T15:41:07","slug":"manta-electrica-100w-40x30cm-jata","status":"publish","type":"product","link":"https:\/\/server.idssoft.net\/idsdemo\/producto\/manta-electrica-100w-40x30cm-jata\/","title":{"rendered":"MANTA ELECTRICA 100W 40X30CM JATA"},"content":{"rendered":"<p>La almohadilla el\u00e9ctrica CT10 tiene un mando con regulador de seis niveles de calor, su funda es extra\u00edble y lavable.<\/p>\n<p>&#8211; Calor terap\u00e9utico: especialmente indicado para lesiones deportivas, dolores reum\u00e1ticos, menstruales, etc.<br \/>&#8211; Mando r<\/p>\n","protected":false},"excerpt":{"rendered":"<p>La almohadilla el\u00e9ctrica CT10 tiene un mando con regulador de seis niveles de calor, su funda es extra\u00edble y lavable. &#8211; Calor terap\u00e9utico: especialmente indicado para lesiones deportivas, dolores reum\u00e1ticos, menstruales, etc.&#8211; Mando r<\/p>\n","protected":false},"featured_media":15512,"comment_status":"open","ping_status":"closed","template":"","meta":[],"product_cat":[606],"product_tag":[],"class_list":["post-15514","product","type-product","status-publish","has-post-thumbnail","hentry","product_cat-mantas-electricas","thunk-woo-product-list","opn-qv-enable","top-store-woo-hover-","top-store-single-product-tab-horizontal","top-store-shadow-","top-store-shadow-hover-"],"_links":{"self":[{"href":"https:\/\/server.idssoft.net\/idsdemo\/wp-json\/wp\/v2\/product\/15514","targetHints":{"allow":["GET"]}}],"collection":[{"href":"https:\/\/server.idssoft.net\/idsdemo\/wp-json\/wp\/v2\/product"}],"about":[{"href":"https:\/\/server.idssoft.net\/idsdemo\/wp-json\/wp\/v2\/types\/product"}],"replies":[{"embeddable":true,"href":"https:\/\/server.idssoft.net\/idsdemo\/wp-json\/wp\/v2\/comments?post=15514"}],"wp:featuredmedia":[{"embeddable":true,"href":"https:\/\/server.idssoft.net\/idsdemo\/wp-json\/wp\/v2\/media\/15512"}],"wp:attachment":[{"href":"https:\/\/server.idssoft.net\/idsdemo\/wp-json\/wp\/v2\/media?parent=15514"}],"wp:term":[{"taxonomy":"product_cat","embeddable":true,"href":"https:\/\/server.idssoft.net\/idsdemo\/wp-json\/wp\/v2\/product_cat?post=15514"},{"taxonomy":"product_tag","embeddable":true,"href":"https:\/\/server.idssoft.net\/idsdemo\/wp-json\/wp\/v2\/product_tag?post=15514"}],"curies":[{"name":"wp","href":"https:\/\/api.w.org\/{rel}","templated":true}]}}