{"id":15524,"date":"2021-06-23T15:41:26","date_gmt":"2021-06-23T15:41:26","guid":{"rendered":"https:\/\/server.idssoft.net\/idsdemo\/producto\/manta-electrica-100w-60x41cm-jata\/"},"modified":"2021-06-23T15:41:26","modified_gmt":"2021-06-23T15:41:26","slug":"manta-electrica-100w-60x41cm-jata","status":"publish","type":"product","link":"https:\/\/server.idssoft.net\/idsdemo\/producto\/manta-electrica-100w-60x41cm-jata\/","title":{"rendered":"MANTA ELECTRICA 100W 60X41CM JATA"},"content":{"rendered":"<p>La almohadilla el\u00e9ctrica cervical CT30 te aplica calor terap\u00e9utico especialmente indicado para dolores de espalda y cervicales.<\/p>\n<p>&#8211; Calor terap\u00e9utico: especialmente indicado para dolores de espalda y cervicales.<br \/>&#8211; Mando regulador electr\u00f3<\/p>\n","protected":false},"excerpt":{"rendered":"<p>La almohadilla el\u00e9ctrica cervical CT30 te aplica calor terap\u00e9utico especialmente indicado para dolores de espalda y cervicales. &#8211; Calor terap\u00e9utico: especialmente indicado para dolores de espalda y cervicales.&#8211; Mando regulador electr\u00f3<\/p>\n","protected":false},"featured_media":15522,"comment_status":"open","ping_status":"closed","template":"","meta":[],"product_cat":[606],"product_tag":[],"class_list":["post-15524","product","type-product","status-publish","has-post-thumbnail","hentry","product_cat-mantas-electricas","thunk-woo-product-list","opn-qv-enable","top-store-woo-hover-","top-store-single-product-tab-horizontal","top-store-shadow-","top-store-shadow-hover-"],"_links":{"self":[{"href":"https:\/\/server.idssoft.net\/idsdemo\/wp-json\/wp\/v2\/product\/15524","targetHints":{"allow":["GET"]}}],"collection":[{"href":"https:\/\/server.idssoft.net\/idsdemo\/wp-json\/wp\/v2\/product"}],"about":[{"href":"https:\/\/server.idssoft.net\/idsdemo\/wp-json\/wp\/v2\/types\/product"}],"replies":[{"embeddable":true,"href":"https:\/\/server.idssoft.net\/idsdemo\/wp-json\/wp\/v2\/comments?post=15524"}],"wp:featuredmedia":[{"embeddable":true,"href":"https:\/\/server.idssoft.net\/idsdemo\/wp-json\/wp\/v2\/media\/15522"}],"wp:attachment":[{"href":"https:\/\/server.idssoft.net\/idsdemo\/wp-json\/wp\/v2\/media?parent=15524"}],"wp:term":[{"taxonomy":"product_cat","embeddable":true,"href":"https:\/\/server.idssoft.net\/idsdemo\/wp-json\/wp\/v2\/product_cat?post=15524"},{"taxonomy":"product_tag","embeddable":true,"href":"https:\/\/server.idssoft.net\/idsdemo\/wp-json\/wp\/v2\/product_tag?post=15524"}],"curies":[{"name":"wp","href":"https:\/\/api.w.org\/{rel}","templated":true}]}}