{"id":15616,"date":"2021-06-23T15:44:40","date_gmt":"2021-06-23T15:44:40","guid":{"rendered":"https:\/\/server.idssoft.net\/idsdemo\/producto\/plancha-vertical-orbegozo-svt1000-1630w-230ml\/"},"modified":"2021-06-23T15:44:40","modified_gmt":"2021-06-23T15:44:40","slug":"plancha-vertical-orbegozo-svt1000-1630w-230ml","status":"publish","type":"product","link":"https:\/\/server.idssoft.net\/idsdemo\/producto\/plancha-vertical-orbegozo-svt1000-1630w-230ml\/","title":{"rendered":"PLANCHA VERTICAL ORBEGOZO SVT1000 | 1630W | 230ML"},"content":{"rendered":"<p>Especificaciones<br \/>Potencia de 1630W<br \/>Dep\u00f3sito de hasta 230 ml extra\u00edble<br \/>Golpe de vapor m\u00e1ximo de hasta 25 g\/min.<br \/>Elimina virus y bacterias en un 99,99%<\/p>\n<p>Esta plancha vertical es totalmente compacta y potente. Podr\u00e1s consegu<\/p>\n","protected":false},"excerpt":{"rendered":"<p>EspecificacionesPotencia de 1630WDep\u00f3sito de hasta 230 ml extra\u00edbleGolpe de vapor m\u00e1ximo de hasta 25 g\/min.Elimina virus y bacterias en un 99,99% Esta plancha vertical es totalmente compacta y potente. Podr\u00e1s consegu<\/p>\n","protected":false},"featured_media":15615,"comment_status":"open","ping_status":"closed","template":"","meta":[],"product_cat":[574],"product_tag":[],"class_list":["post-15616","product","type-product","status-publish","has-post-thumbnail","hentry","product_cat-plancha-vapor-quitapelusas","thunk-woo-product-list","opn-qv-enable","top-store-woo-hover-","top-store-single-product-tab-horizontal","top-store-shadow-","top-store-shadow-hover-"],"_links":{"self":[{"href":"https:\/\/server.idssoft.net\/idsdemo\/wp-json\/wp\/v2\/product\/15616","targetHints":{"allow":["GET"]}}],"collection":[{"href":"https:\/\/server.idssoft.net\/idsdemo\/wp-json\/wp\/v2\/product"}],"about":[{"href":"https:\/\/server.idssoft.net\/idsdemo\/wp-json\/wp\/v2\/types\/product"}],"replies":[{"embeddable":true,"href":"https:\/\/server.idssoft.net\/idsdemo\/wp-json\/wp\/v2\/comments?post=15616"}],"wp:featuredmedia":[{"embeddable":true,"href":"https:\/\/server.idssoft.net\/idsdemo\/wp-json\/wp\/v2\/media\/15615"}],"wp:attachment":[{"href":"https:\/\/server.idssoft.net\/idsdemo\/wp-json\/wp\/v2\/media?parent=15616"}],"wp:term":[{"taxonomy":"product_cat","embeddable":true,"href":"https:\/\/server.idssoft.net\/idsdemo\/wp-json\/wp\/v2\/product_cat?post=15616"},{"taxonomy":"product_tag","embeddable":true,"href":"https:\/\/server.idssoft.net\/idsdemo\/wp-json\/wp\/v2\/product_tag?post=15616"}],"curies":[{"name":"wp","href":"https:\/\/api.w.org\/{rel}","templated":true}]}}