{"id":16060,"date":"2021-06-23T15:59:44","date_gmt":"2021-06-23T15:59:44","guid":{"rendered":"https:\/\/server.idssoft.net\/idsdemo\/producto\/powerbank-pr125-50000mah-3-entradas-4-salidas-2a-lcd\/"},"modified":"2021-06-23T15:59:44","modified_gmt":"2021-06-23T15:59:44","slug":"powerbank-pr125-50000mah-3-entradas-4-salidas-2a-lcd","status":"publish","type":"product","link":"https:\/\/server.idssoft.net\/idsdemo\/producto\/powerbank-pr125-50000mah-3-entradas-4-salidas-2a-lcd\/","title":{"rendered":"POWERBANK PR125 50000MAH | 3 ENTRADAS | 4 SALIDAS | 2A | LCD"},"content":{"rendered":"<p>&#8211; F\u00e1cil de transportar<br \/>&#8211; 600 ciclos de carga<br \/>&#8211; Carga r\u00e1pida<br \/>&#8211; Resistente<br \/>&#8211; Estabilidad y protecci\u00f3n<br \/>&#8211; Compatible con infinidad de dispositivos<br \/>&#8211; Capacidad de 50.000 mAh<br \/>&#8211; Salidas: 4 x USB<br \/>&#8211; Entradas: microUSB<\/p>\n","protected":false},"excerpt":{"rendered":"<p>&#8211; F\u00e1cil de transportar&#8211; 600 ciclos de carga&#8211; Carga r\u00e1pida&#8211; Resistente&#8211; Estabilidad y protecci\u00f3n&#8211; Compatible con infinidad de dispositivos&#8211; Capacidad de 50.000 mAh&#8211; Salidas: 4 x USB&#8211; Entradas: microUSB<\/p>\n","protected":false},"featured_media":16058,"comment_status":"open","ping_status":"closed","template":"","meta":[],"product_cat":[493],"product_tag":[],"class_list":["post-16060","product","type-product","status-publish","has-post-thumbnail","hentry","product_cat-powerbank","thunk-woo-product-list","opn-qv-enable","top-store-woo-hover-","top-store-single-product-tab-horizontal","top-store-shadow-","top-store-shadow-hover-"],"_links":{"self":[{"href":"https:\/\/server.idssoft.net\/idsdemo\/wp-json\/wp\/v2\/product\/16060","targetHints":{"allow":["GET"]}}],"collection":[{"href":"https:\/\/server.idssoft.net\/idsdemo\/wp-json\/wp\/v2\/product"}],"about":[{"href":"https:\/\/server.idssoft.net\/idsdemo\/wp-json\/wp\/v2\/types\/product"}],"replies":[{"embeddable":true,"href":"https:\/\/server.idssoft.net\/idsdemo\/wp-json\/wp\/v2\/comments?post=16060"}],"wp:featuredmedia":[{"embeddable":true,"href":"https:\/\/server.idssoft.net\/idsdemo\/wp-json\/wp\/v2\/media\/16058"}],"wp:attachment":[{"href":"https:\/\/server.idssoft.net\/idsdemo\/wp-json\/wp\/v2\/media?parent=16060"}],"wp:term":[{"taxonomy":"product_cat","embeddable":true,"href":"https:\/\/server.idssoft.net\/idsdemo\/wp-json\/wp\/v2\/product_cat?post=16060"},{"taxonomy":"product_tag","embeddable":true,"href":"https:\/\/server.idssoft.net\/idsdemo\/wp-json\/wp\/v2\/product_tag?post=16060"}],"curies":[{"name":"wp","href":"https:\/\/api.w.org\/{rel}","templated":true}]}}