{"id":16133,"date":"2021-06-23T16:02:07","date_gmt":"2021-06-23T16:02:07","guid":{"rendered":"https:\/\/server.idssoft.net\/idsdemo\/producto\/altavoz-bluetooth-f26-portatil-10w-microfono-azul-xo\/"},"modified":"2021-06-23T16:02:07","modified_gmt":"2021-06-23T16:02:07","slug":"altavoz-bluetooth-f26-portatil-10w-microfono-azul-xo","status":"publish","type":"product","link":"https:\/\/server.idssoft.net\/idsdemo\/producto\/altavoz-bluetooth-f26-portatil-10w-microfono-azul-xo\/","title":{"rendered":"ALTAVOZ BLUETOOTH F26 PORTATIL 10W + MICROFONO AZUL XO"},"content":{"rendered":"<p>&#8211; Bluetooth 5.0<br \/>&#8211; Entradas: bluetooth, micro SD, USB, aux<br \/>&#8211; Potencia: 2 x 5W &#8211; 10W<br \/>&#8211; Dimensiones: 250x97x135cmm<br \/>&#8211; Autonom\u00eda: hasta 4.5 horas<br \/>&#8211; Bater\u00eda: 1500mA<br \/>&#8211; Incorpora micr\u00f3fono<\/p>\n","protected":false},"excerpt":{"rendered":"<p>&#8211; Bluetooth 5.0&#8211; Entradas: bluetooth, micro SD, USB, aux&#8211; Potencia: 2 x 5W &#8211; 10W&#8211; Dimensiones: 250x97x135cmm&#8211; Autonom\u00eda: hasta 4.5 horas&#8211; Bater\u00eda: 1500mA&#8211; Incorpora micr\u00f3fono<\/p>\n","protected":false},"featured_media":16131,"comment_status":"open","ping_status":"closed","template":"","meta":[],"product_cat":[472],"product_tag":[],"class_list":["post-16133","product","type-product","status-publish","has-post-thumbnail","hentry","product_cat-altavoces-bluetooth","thunk-woo-product-list","opn-qv-enable","top-store-woo-hover-","top-store-single-product-tab-horizontal","top-store-shadow-","top-store-shadow-hover-"],"_links":{"self":[{"href":"https:\/\/server.idssoft.net\/idsdemo\/wp-json\/wp\/v2\/product\/16133","targetHints":{"allow":["GET"]}}],"collection":[{"href":"https:\/\/server.idssoft.net\/idsdemo\/wp-json\/wp\/v2\/product"}],"about":[{"href":"https:\/\/server.idssoft.net\/idsdemo\/wp-json\/wp\/v2\/types\/product"}],"replies":[{"embeddable":true,"href":"https:\/\/server.idssoft.net\/idsdemo\/wp-json\/wp\/v2\/comments?post=16133"}],"wp:featuredmedia":[{"embeddable":true,"href":"https:\/\/server.idssoft.net\/idsdemo\/wp-json\/wp\/v2\/media\/16131"}],"wp:attachment":[{"href":"https:\/\/server.idssoft.net\/idsdemo\/wp-json\/wp\/v2\/media?parent=16133"}],"wp:term":[{"taxonomy":"product_cat","embeddable":true,"href":"https:\/\/server.idssoft.net\/idsdemo\/wp-json\/wp\/v2\/product_cat?post=16133"},{"taxonomy":"product_tag","embeddable":true,"href":"https:\/\/server.idssoft.net\/idsdemo\/wp-json\/wp\/v2\/product_tag?post=16133"}],"curies":[{"name":"wp","href":"https:\/\/api.w.org\/{rel}","templated":true}]}}