{"id":16185,"date":"2021-06-23T16:03:54","date_gmt":"2021-06-23T16:03:54","guid":{"rendered":"https:\/\/server.idssoft.net\/idsdemo\/producto\/reposapies-ergonomico-fellowes-9-x-44-x-33cm\/"},"modified":"2021-06-23T16:03:54","modified_gmt":"2021-06-23T16:03:54","slug":"reposapies-ergonomico-fellowes-9-x-44-x-33cm","status":"publish","type":"product","link":"https:\/\/server.idssoft.net\/idsdemo\/producto\/reposapies-ergonomico-fellowes-9-x-44-x-33cm\/","title":{"rendered":"REPOSAPIES ERGONOMICO FELLOWES 9 X 44 X 33CM"},"content":{"rendered":"<p>Ajuste de altura de doble posici\u00f3n<br \/>La plataforma flotante permite estirar las piernas para mejorar la circulaci\u00f3n<br \/>Superficie estilo masaje que mejora la circulaci\u00f3n<br \/>Certificado seg\u00fan norma ISO-9241, FIRA Consultor\u00eda Ergon\u00f3mica Int<\/p>\n","protected":false},"excerpt":{"rendered":"<p>Ajuste de altura de doble posici\u00f3nLa plataforma flotante permite estirar las piernas para mejorar la circulaci\u00f3nSuperficie estilo masaje que mejora la circulaci\u00f3nCertificado seg\u00fan norma ISO-9241, FIRA Consultor\u00eda Ergon\u00f3mica Int<\/p>\n","protected":false},"featured_media":16183,"comment_status":"open","ping_status":"closed","template":"","meta":[],"product_cat":[592],"product_tag":[],"class_list":["post-16185","product","type-product","status-publish","has-post-thumbnail","hentry","product_cat-otros-soportes","thunk-woo-product-list","opn-qv-enable","top-store-woo-hover-","top-store-single-product-tab-horizontal","top-store-shadow-","top-store-shadow-hover-"],"_links":{"self":[{"href":"https:\/\/server.idssoft.net\/idsdemo\/wp-json\/wp\/v2\/product\/16185","targetHints":{"allow":["GET"]}}],"collection":[{"href":"https:\/\/server.idssoft.net\/idsdemo\/wp-json\/wp\/v2\/product"}],"about":[{"href":"https:\/\/server.idssoft.net\/idsdemo\/wp-json\/wp\/v2\/types\/product"}],"replies":[{"embeddable":true,"href":"https:\/\/server.idssoft.net\/idsdemo\/wp-json\/wp\/v2\/comments?post=16185"}],"wp:featuredmedia":[{"embeddable":true,"href":"https:\/\/server.idssoft.net\/idsdemo\/wp-json\/wp\/v2\/media\/16183"}],"wp:attachment":[{"href":"https:\/\/server.idssoft.net\/idsdemo\/wp-json\/wp\/v2\/media?parent=16185"}],"wp:term":[{"taxonomy":"product_cat","embeddable":true,"href":"https:\/\/server.idssoft.net\/idsdemo\/wp-json\/wp\/v2\/product_cat?post=16185"},{"taxonomy":"product_tag","embeddable":true,"href":"https:\/\/server.idssoft.net\/idsdemo\/wp-json\/wp\/v2\/product_tag?post=16185"}],"curies":[{"name":"wp","href":"https:\/\/api.w.org\/{rel}","templated":true}]}}